{"id":98,"date":"2021-02-10T13:00:22","date_gmt":"2021-02-10T13:00:22","guid":{"rendered":"https:\/\/www.perihelio.com\/tienda\/?post_type=product&#038;p=98"},"modified":"2021-11-03T18:32:28","modified_gmt":"2021-11-03T18:32:28","slug":"ruta-de-la-naturaleza","status":"publish","type":"product","link":"https:\/\/www.perihelio.com\/tienda\/producto\/ruta-de-la-naturaleza\/","title":{"rendered":"Rutas en la naturaleza de Chinch\u00f3n"},"content":{"rendered":"<p>Chinch\u00f3n: senderismo, etnobot\u00e1nica, huellas, rastros y cantos, oficios y labores del campo, construcciones populares, vestigios de la Guerra Civil, y m\u00e1s\u2026<\/p>\n<p>Tras la compra podr\u00e1s descargar tu vale. Se canjear\u00e1 en nuestra tienda de Chinch\u00f3n el d\u00eda de la ruta.<\/p>\n<p>Para concretar la fecha y hora de la ruta, imperativo ponerse en contacto con la persona indicada en el vale que te confirmara los d\u00edas disponibles.<\/p>\n<p>El vale tiene una validez de un a\u00f1o tras la fecha de compra.<\/p>\n<p>No es canjeable por dinero.<\/p>\n","protected":false},"excerpt":{"rendered":"<p><em>Precio por persona<\/em><em> .<\/em><\/p>\n<p>La Ruta Natural te ayuda a descubrir los valores de nuestro entorno m\u00e1s cercano.<\/p>\n<p><em>Para grupos de m\u00e1s de 4 personas: reservas solo por tel\u00e9fono o email<\/em><\/p>\n<p>&nbsp;<\/p>\n","protected":false},"featured_media":99,"template":"","meta":{"iawp_total_views":116},"product_brand":[],"product_cat":[37],"product_tag":[40,39,38],"class_list":{"0":"post-98","1":"product","2":"type-product","3":"status-publish","4":"has-post-thumbnail","6":"product_cat-rutas","7":"product_tag-chinchon","8":"product_tag-naturaleza","9":"product_tag-ruta","11":"first","12":"instock","13":"downloadable","14":"virtual","15":"taxable","16":"purchasable","17":"product-type-simple"},"acf":[],"_links":{"self":[{"href":"https:\/\/www.perihelio.com\/tienda\/wp-json\/wp\/v2\/product\/98","targetHints":{"allow":["GET"]}}],"collection":[{"href":"https:\/\/www.perihelio.com\/tienda\/wp-json\/wp\/v2\/product"}],"about":[{"href":"https:\/\/www.perihelio.com\/tienda\/wp-json\/wp\/v2\/types\/product"}],"wp:featuredmedia":[{"embeddable":true,"href":"https:\/\/www.perihelio.com\/tienda\/wp-json\/wp\/v2\/media\/99"}],"wp:attachment":[{"href":"https:\/\/www.perihelio.com\/tienda\/wp-json\/wp\/v2\/media?parent=98"}],"wp:term":[{"taxonomy":"product_brand","embeddable":true,"href":"https:\/\/www.perihelio.com\/tienda\/wp-json\/wp\/v2\/product_brand?post=98"},{"taxonomy":"product_cat","embeddable":true,"href":"https:\/\/www.perihelio.com\/tienda\/wp-json\/wp\/v2\/product_cat?post=98"},{"taxonomy":"product_tag","embeddable":true,"href":"https:\/\/www.perihelio.com\/tienda\/wp-json\/wp\/v2\/product_tag?post=98"}],"curies":[{"name":"wp","href":"https:\/\/api.w.org\/{rel}","templated":true}]}}