{"id":683,"date":"2021-03-03T20:09:26","date_gmt":"2021-03-03T20:09:26","guid":{"rendered":"https:\/\/www.perihelio.com\/tienda\/?post_type=product&#038;p=683"},"modified":"2026-04-28T17:17:52","modified_gmt":"2026-04-28T17:17:52","slug":"muvman-aeris-microfibra","status":"publish","type":"product","link":"https:\/\/www.perihelio.com\/tienda\/producto\/muvman-aeris-microfibra\/","title":{"rendered":"MUVMAN Aeris Microfibra"},"content":{"rendered":"<p>Silla activa Aeris modelo Muvman, asiento tapizado de \u00a0tela microfibra Comfort (marca Gabriel).<\/p>\n<p>Gracias a su ergonom\u00eda y tecnolog\u00eda alemana innovadora esta silla <strong>nos permite estar sentado o de pie,<\/strong><strong> introduciendo el movimiento en el espacia de trabajo de manera activa y din\u00e1mica <\/strong>. Dise\u00f1ada para adaptarse de manera \u00f3ptima a cualquier superficie de trabajo, ajustable en altura, trabaja eficientemente contra los perjuicios de permanecer sentados o de pie durante largos periodos de tiempo, fomentando los cambios de postura, tanto cuando se est\u00e1 sentado como cuando se est\u00e1 de pie.<\/p>\n<p><strong><span style=\"color: #dd9933;\">Ideal para personas trabajando detr\u00e1s de un mostrador, talleres, laboratorio, etc.<\/span><\/strong><\/p>\n<p>CARACTER\u00cdSTICAS DEL PRODUCTO<br \/>\nPeso del producto: Est\u00e1ndar: 6,3 kg \u00a0&#8211; Alto (high): 6,5 kg<br \/>\nDi\u00e1metro: 38 cm<br \/>\nPlaca de pie: Pl\u00e1stico reforzado con fibra de vidrio<br \/>\nPeso m\u00e1ximo del usuario: 120 kg<br \/>\nAsiento Soporte del asiento: pl\u00e1stico, tapicer\u00eda: espuma de PU<br \/>\nZona de asientos: 34 x 32 cm<br \/>\nAltura del asiento: Est\u00e1ndar: 51 \u2013 84 cm Alto (high): 60 \u2013 93 cm<\/p>\n<p><img loading=\"lazy\" decoding=\"async\" class=\"alignnone size-medium wp-image-1608\" src=\"https:\/\/www.perihelio.com\/tienda\/wp-content\/uploads\/2021\/02\/EN_Aeris_Authorised_Retailer_Logo_Black-300x55.png\" alt=\"\" width=\"300\" height=\"55\" srcset=\"https:\/\/www.perihelio.com\/tienda\/wp-content\/uploads\/2021\/02\/EN_Aeris_Authorised_Retailer_Logo_Black-300x55.png 300w, https:\/\/www.perihelio.com\/tienda\/wp-content\/uploads\/2021\/02\/EN_Aeris_Authorised_Retailer_Logo_Black-1024x186.png 1024w, https:\/\/www.perihelio.com\/tienda\/wp-content\/uploads\/2021\/02\/EN_Aeris_Authorised_Retailer_Logo_Black-768x140.png 768w, https:\/\/www.perihelio.com\/tienda\/wp-content\/uploads\/2021\/02\/EN_Aeris_Authorised_Retailer_Logo_Black-1536x280.png 1536w, https:\/\/www.perihelio.com\/tienda\/wp-content\/uploads\/2021\/02\/EN_Aeris_Authorised_Retailer_Logo_Black-416x76.png 416w, https:\/\/www.perihelio.com\/tienda\/wp-content\/uploads\/2021\/02\/EN_Aeris_Authorised_Retailer_Logo_Black.png 1911w\" sizes=\"auto, (max-width: 300px) 100vw, 300px\" \/><\/p>\n","protected":false},"excerpt":{"rendered":"<p>Silla <strong>Muvman<\/strong> con asiento tapizado de <strong>tela microfibra Comfort<\/strong> (marca Gabriel).<\/p>\n<p><strong>La productividad comienza cuando las largas horas de pie terminan.<\/strong><\/p>\n<p><strong>Muvman<\/strong> es el primer asiento activo para estar de pie\/sentado que, gracias a una tecnolog\u00eda innovadora y ergonom\u00eda, cumple con todas las demandas del puesto de trabajo sin ning\u00fan compromiso. El taburete muvman establece puntos de referencia con un amplio rango de movimiento, flexibilidad y altura de asiento.<\/p>\n<p><strong>Est\u00e1 pensado para su uso en tiendas minoristas, laboratorios, consultorios m\u00e9dicos y talleres de producci\u00f3n.<\/strong> Tambi\u00e9n hace una clara declaraci\u00f3n en dise\u00f1o: estilizada, elegante, distintiva.<\/p>\n<p><span style=\"color: #dd9933;\"><strong><em>Silla fabricada seg\u00fan configuraci\u00f3n del cliente: entrega entre 2 a 3 semanas una vez realizado el pago.<\/em><\/strong><\/span><\/p>\n","protected":false},"featured_media":725,"template":"","meta":{"iawp_total_views":16},"product_brand":[],"product_cat":[58,50],"product_tag":[145,179,169],"class_list":{"0":"post-683","1":"product","2":"type-product","3":"status-publish","4":"has-post-thumbnail","6":"product_cat-muvman","7":"product_cat-sillas-ergonomicas","8":"product_tag-ergonomica","9":"product_tag-officina","10":"product_tag-silla","11":"product_shipping_class-aeris","13":"first","14":"instock","15":"taxable","16":"shipping-taxable","17":"purchasable","18":"product-type-variable"},"acf":[],"_links":{"self":[{"href":"https:\/\/www.perihelio.com\/tienda\/wp-json\/wp\/v2\/product\/683","targetHints":{"allow":["GET"]}}],"collection":[{"href":"https:\/\/www.perihelio.com\/tienda\/wp-json\/wp\/v2\/product"}],"about":[{"href":"https:\/\/www.perihelio.com\/tienda\/wp-json\/wp\/v2\/types\/product"}],"wp:featuredmedia":[{"embeddable":true,"href":"https:\/\/www.perihelio.com\/tienda\/wp-json\/wp\/v2\/media\/725"}],"wp:attachment":[{"href":"https:\/\/www.perihelio.com\/tienda\/wp-json\/wp\/v2\/media?parent=683"}],"wp:term":[{"taxonomy":"product_brand","embeddable":true,"href":"https:\/\/www.perihelio.com\/tienda\/wp-json\/wp\/v2\/product_brand?post=683"},{"taxonomy":"product_cat","embeddable":true,"href":"https:\/\/www.perihelio.com\/tienda\/wp-json\/wp\/v2\/product_cat?post=683"},{"taxonomy":"product_tag","embeddable":true,"href":"https:\/\/www.perihelio.com\/tienda\/wp-json\/wp\/v2\/product_tag?post=683"}],"curies":[{"name":"wp","href":"https:\/\/api.w.org\/{rel}","templated":true}]}}

<p>Silla activa Aeris modelo Muvman, asiento tapizado de  tela microfibra Comfort (marca Gabriel).</p>
<p>Gracias a su ergonomía y tecnología alemana innovadora esta silla <strong>nos permite estar sentado o de pie,</strong><strong> introduciendo el movimiento en el espacia de trabajo de manera activa y dinámica </strong>. Diseñada para adaptarse de manera óptima a cualquier superficie de trabajo, ajustable en altura, trabaja eficientemente contra los perjuicios de permanecer sentados o de pie durante largos periodos de tiempo, fomentando los cambios de postura, tanto cuando se está sentado como cuando se está de pie.</p>
<p><strong><span style="color: #dd9933;">Ideal para personas trabajando detrás de un mostrador, talleres, laboratorio, etc.</span></strong></p>
<p>CARACTERÍSTICAS DEL PRODUCTO<br />
Peso del producto: Estándar: 6,3 kg  &#8211; Alto (high): 6,5 kg<br />
Diámetro: 38 cm<br />
Placa de pie: Plástico reforzado con fibra de vidrio<br />
Peso máximo del usuario: 120 kg<br />
Asiento Soporte del asiento: plástico, tapicería: espuma de PU<br />
Zona de asientos: 34 x 32 cm<br />
Altura del asiento: Estándar: 51 – 84 cm Alto (high): 60 – 93 cm</p>
<p><img loading="lazy" decoding="async" class="alignnone size-medium wp-image-1608" src="https://www.perihelio.com/tienda/wp-content/uploads/2021/02/EN_Aeris_Authorised_Retailer_Logo_Black-300x55.png" alt="" width="300" height="55" srcset="https://www.perihelio.com/tienda/wp-content/uploads/2021/02/EN_Aeris_Authorised_Retailer_Logo_Black-300x55.png 300w, https://www.perihelio.com/tienda/wp-content/uploads/2021/02/EN_Aeris_Authorised_Retailer_Logo_Black-1024x186.png 1024w, https://www.perihelio.com/tienda/wp-content/uploads/2021/02/EN_Aeris_Authorised_Retailer_Logo_Black-768x140.png 768w, https://www.perihelio.com/tienda/wp-content/uploads/2021/02/EN_Aeris_Authorised_Retailer_Logo_Black-1536x280.png 1536w, https://www.perihelio.com/tienda/wp-content/uploads/2021/02/EN_Aeris_Authorised_Retailer_Logo_Black-416x76.png 416w, https://www.perihelio.com/tienda/wp-content/uploads/2021/02/EN_Aeris_Authorised_Retailer_Logo_Black.png 1911w" sizes="auto, (max-width: 300px) 100vw, 300px" /></p>

<p>Silla <strong>Muvman</strong> con asiento tapizado de <strong>tela microfibra Comfort</strong> (marca Gabriel).</p>
<p><strong>La productividad comienza cuando las largas horas de pie terminan.</strong></p>
<p><strong>Muvman</strong> es el primer asiento activo para estar de pie/sentado que, gracias a una tecnología innovadora y ergonomía, cumple con todas las demandas del puesto de trabajo sin ningún compromiso. El taburete muvman establece puntos de referencia con un amplio rango de movimiento, flexibilidad y altura de asiento.</p>
<p><strong>Está pensado para su uso en tiendas minoristas, laboratorios, consultorios médicos y talleres de producción.</strong> También hace una clara declaración en diseño: estilizada, elegante, distintiva.</p>
<p><span style="color: #dd9933;"><strong><em>Silla fabricada según configuración del cliente: entrega entre 2 a 3 semanas una vez realizado el pago.</em></strong></span></p>
