{"id":3572,"date":"2025-02-20T15:11:48","date_gmt":"2025-02-20T15:11:48","guid":{"rendered":"https:\/\/www.perihelio.com\/tienda\/?post_type=product&#038;p=3572"},"modified":"2025-03-11T17:02:07","modified_gmt":"2025-03-11T17:02:07","slug":"swopper-aeris-air-runner","status":"publish","type":"product","link":"https:\/\/www.perihelio.com\/tienda\/producto\/swopper-aeris-air-runner\/","title":{"rendered":"SWOPPER Aeris AIR"},"content":{"rendered":"<h2>Descripci\u00f3n<\/h2>\n<p>El Swopper Air es un asiento realmente innovador. Su dise\u00f1o incluye un sistema de amortiguaci\u00f3n de alta tecnolog\u00eda que regula la presi\u00f3n y est\u00e1 compuesto por cinco capas funcionales. Esto no solo proporciona una comodidad excepcional, sino que tambi\u00e9n permite una mejor circulaci\u00f3n del aire, lo que lo hace transpirable. Es ideal para quienes buscan un equilibrio entre confort y soporte durante largas horas de uso.<\/p>\n<p>El asiento termorregulador AIR combina cojines de alta tecnolog\u00eda 3DEA con una funda de asiento AIR Climate que presenta una textura de red disponible en 5 colores. Este nuevo dise\u00f1o ayuda a la silla Swopper Air a regular el calor, al mismo tiempo que ofrece una experiencia de asiento m\u00e1s suave y acolchada. Ideal para regiones con clima caludoso y personas que sudan mucho.<\/p>\n<p><img loading=\"lazy\" decoding=\"async\" class=\"alignnone wp-image-1871 size-medium\" src=\"https:\/\/www.perihelio.com\/tienda\/wp-content\/uploads\/2022\/03\/Swopper-air-e1740070008771-300x280.png\" alt=\"Asiento swopper Aeris Air tela runner \" width=\"300\" height=\"280\" srcset=\"https:\/\/www.perihelio.com\/tienda\/wp-content\/uploads\/2022\/03\/Swopper-air-e1740070008771-300x280.png 300w, https:\/\/www.perihelio.com\/tienda\/wp-content\/uploads\/2022\/03\/Swopper-air-e1740070008771-416x388.png 416w, https:\/\/www.perihelio.com\/tienda\/wp-content\/uploads\/2022\/03\/Swopper-air-e1740070008771.png 482w\" sizes=\"auto, (max-width: 300px) 100vw, 300px\" \/><\/p>\n<p>Las sillas activas Aeris, son mucho m\u00e1s que una silla ergon\u00f3mica; gracias a su tecnolog\u00eda \u00fanica suponen una evoluci\u00f3n del concepto sentarse. Su sistema de movimiento 3D, estimula y favorece el libre movimiento mientras se est\u00e1 sentado. Los beneficios son evidentes y numerosos para el usuario: una espalda m\u00e1s fuerte mejora la condici\u00f3n f\u00edsica y se traduce en mayor bienestar y mejor rendimiento.<\/p>\n<p>La silla Swopper multi-premiada destaca a primera vista por su diferencia con otras sillas de oficina y taburetes. El concepto renuncia a los reposabrazos y reposacabezas, ya que estos evitan el movimiento y causan enfermedades a largo plazo.<\/p>\n<p>La tecnolog\u00eda 3D patentada promueve con el asiento activo 3D sentarse sano y en movimiento, cambiando de posici\u00f3n m\u00e1s frecuentemente que en una silla de oficina normal.\u00a0La swopper entrena y refuerza tu musculatura mientras te sientas, y su muelle protege los discos de tu columna.<\/p>\n<p>Por lo tanto, ponemos fin a la tensi\u00f3n y al dolor de espalda y aumentamos tu bienestar, tu salud f\u00edsica para un mayor rendimiento.<\/p>\n<p>El asiento especialmente moldeado promueve la postura erguida y <strong>evita la presi\u00f3n de los muslos gracias a los bordes redondeados. <\/strong>La silla ergon\u00f3mica proporciona un asiento natural, movimientos laterales optimizados de postura, hacia adelante y hacia atr\u00e1s, as\u00ed como vibraciones controladas gracias a su muelle.<br \/>\n<b>Nota:<\/b> para las personas altas (+ de 185 cm) o ligeras (- de 50kg ), o mesas bajas (- de 65cm) <strong>disponemos de muelles adecuados a sus necesidades: Hight, Light or Low<\/strong> que podemos sustituir al muelle Est\u00e1ndar. En tal caso le recomendamos ponerse en contacto con nosotros antes de realizar el pedido: <a href=\"mailto:tiendaonline@perihelio.com\">tiendaonline@perihelio.com<\/a><\/p>\n<ul>\n<li>Peso: 11 kg<\/li>\n<li>Material y color del asiento: Runner (marca Gabriel) &#8211; \u00a05 colores disponibles &#8211; <span class=\"VIiyi\" lang=\"es\">80% poli\u00e9ster reciclado y 20% poli\u00e9ster reciclado posconsumo. Certificada con el\u00a0<\/span><span class=\"VIiyi\" lang=\"es\">STANDARD 100 by OEKO-TEX\u00ae , EU eco label y 100% libre de metales pesados. Resistante (70.000 ciclos Martindale), t<\/span>ranspirable, antiest\u00e1ticas e ign\u00edfugas \u2013\u00a0<span class=\"VIiyi\" lang=\"es\">di\u00e1metro: 43 cm<\/span><\/li>\n<li>Color base anillo: blanco o negro \u00a0en aluminio fundido a presi\u00f3n y lacado<\/li>\n<li>Dimensiones anillo base: 55 cm de di\u00e1metro sin ruedas &#8211; 58 cm con ruedas<\/li>\n<li>Color muelle: blanco o negro \u00a0modelo<\/li>\n<li>Rango de peso permitido: entre 50 y 120 kg<\/li>\n<li>Rango de altura silla sin carga: 56 \u2013 76 cm<\/li>\n<li>Garant\u00eda: 3 a\u00f1os<\/li>\n<\/ul>\n<p><strong>M\u00c1S TEJIDOS y COLORES disponibles<\/strong> &#8211; descarga el cat\u00e1logo m\u00e1s abajo en \u00abdocumentaci\u00f3n\u00bb y solicita fotos en alta resoluci\u00f3n de la silla de tu elecci\u00f3n, indicando el tejido y c\u00f3digo color por mail a: \u00a0tiendaonline@perihelio.com.<\/p>\n<p>M\u00e1s informaci\u00f3n y videos\u00a0en nuestra p\u00e1gina web:\u00a0<span style=\"color: #dd9933;\"><strong><a style=\"color: #dd9933;\" href=\"https:\/\/www.perihelio.com\/index.php\/Aeris-Swopper-Espana\/\" target=\"_blank\" rel=\"noopener\">Swopper Aeris web Perihelio<\/a><\/strong><\/span><\/p>\n<p><img loading=\"lazy\" decoding=\"async\" class=\"alignnone size-medium wp-image-1608\" src=\"https:\/\/www.perihelio.com\/tienda\/wp-content\/uploads\/2021\/02\/EN_Aeris_Authorised_Retailer_Logo_Black-300x55.png\" sizes=\"auto, (max-width: 300px) 100vw, 300px\" srcset=\"https:\/\/www.perihelio.com\/tienda\/wp-content\/uploads\/2021\/02\/EN_Aeris_Authorised_Retailer_Logo_Black-300x55.png 300w, https:\/\/www.perihelio.com\/tienda\/wp-content\/uploads\/2021\/02\/EN_Aeris_Authorised_Retailer_Logo_Black-1024x186.png 1024w, https:\/\/www.perihelio.com\/tienda\/wp-content\/uploads\/2021\/02\/EN_Aeris_Authorised_Retailer_Logo_Black-768x140.png 768w, https:\/\/www.perihelio.com\/tienda\/wp-content\/uploads\/2021\/02\/EN_Aeris_Authorised_Retailer_Logo_Black-1536x280.png 1536w, https:\/\/www.perihelio.com\/tienda\/wp-content\/uploads\/2021\/02\/EN_Aeris_Authorised_Retailer_Logo_Black-416x76.png 416w, https:\/\/www.perihelio.com\/tienda\/wp-content\/uploads\/2021\/02\/EN_Aeris_Authorised_Retailer_Logo_Black.png 1911w\" alt=\"\" width=\"300\" height=\"55\" \/><\/p>\n","protected":false},"excerpt":{"rendered":"<p><strong>Swopper Aeris AIR, asiento acolchonado <\/strong>de tela <strong>Runner <\/strong>(marca Gabriel), <strong>con o sin ruedas.<\/strong><\/p>\n<p><span class=\"VIiyi\" lang=\"es\"><span class=\"JLqJ4b ChMk0b\" data-language-for-alternatives=\"es\" data-language-to-translate-into=\"de\" data-phrase-index=\"0\" data-number-of-phrases=\"1\"><span style=\"color: #dd9933;\"><span style=\"color: #000000;\">La Swopper Aeris<\/span><\/span><\/span> <strong><span class=\"JLqJ4b ChMk0b\" data-language-for-alternatives=\"es\" data-language-to-translate-into=\"de\" data-phrase-index=\"0\" data-number-of-phrases=\"1\"><span style=\"color: #dd9933;\">modelo AIR \u00a0es mas acolchada que las otras<\/span><\/span><\/strong><span class=\"JLqJ4b ChMk0b\" data-language-for-alternatives=\"es\" data-language-to-translate-into=\"de\" data-phrase-index=\"0\" data-number-of-phrases=\"1\"><span style=\"color: #dd9933;\"><span style=\"color: #333333;\">\u00a0debido a su construcci\u00f3n multicapas. Es\u00a0<\/span><\/span><\/span><strong><span class=\"JLqJ4b ChMk0b\" data-language-for-alternatives=\"es\" data-language-to-translate-into=\"de\" data-phrase-index=\"0\" data-number-of-phrases=\"1\"><span style=\"color: #dd9933;\">ideal para personas que tienen problemas con las nalgas a sentarse o con los huesos isquiones puntiagudos.\u00a0<\/span><\/span><\/strong>La tapicer\u00eda Runner es sin\u00f3nimo de comodidad, elegancia y robustez. Su superficie irregular y construcci\u00f3n 3D favorecen la difusi\u00f3n de la humedad y por lo tanto, ofrece un alto nivel de comodidad al sentarse. <\/span><span class=\"VIiyi\" lang=\"es\">La tela Runner tiene el STANDARD 100 by OEKO-TEX\u00ae , es <strong><span style=\"color: #dd9933;\">EU eco label<\/span> <\/strong>y 100% libre de metales pesados (composici\u00f3n: 80% poli\u00e9ster reciclado y 20% poli\u00e9ster reciclado posconsumo).<\/span><\/p>\n<p><strong>Muelle est\u00e1ndar, \u00a0base sin ruedas o con ruedas para suelos duros<\/strong> (para suelos blandos como moquetas: ponerse en contacto con nosotros para cambiar el tipo de ruedas a su pedido).<\/p>\n<p><b style=\"color: #dd9933;\">Entrega: 2 a 3\u00a0semanas una vez realizado el pago.<\/b><\/p>\n","protected":false},"featured_media":3586,"template":"","meta":{"iawp_total_views":26},"product_brand":[],"product_cat":[50,56],"product_tag":[121,169],"class_list":{"0":"post-3572","1":"product","2":"type-product","3":"status-publish","4":"has-post-thumbnail","6":"product_cat-sillas-ergonomicas","7":"product_cat-swopper","8":"product_tag-ecologico","9":"product_tag-silla","10":"product_shipping_class-aeris","12":"first","13":"instock","14":"taxable","15":"shipping-taxable","16":"purchasable","17":"product-type-variable"},"acf":[],"_links":{"self":[{"href":"https:\/\/www.perihelio.com\/tienda\/wp-json\/wp\/v2\/product\/3572","targetHints":{"allow":["GET"]}}],"collection":[{"href":"https:\/\/www.perihelio.com\/tienda\/wp-json\/wp\/v2\/product"}],"about":[{"href":"https:\/\/www.perihelio.com\/tienda\/wp-json\/wp\/v2\/types\/product"}],"wp:featuredmedia":[{"embeddable":true,"href":"https:\/\/www.perihelio.com\/tienda\/wp-json\/wp\/v2\/media\/3586"}],"wp:attachment":[{"href":"https:\/\/www.perihelio.com\/tienda\/wp-json\/wp\/v2\/media?parent=3572"}],"wp:term":[{"taxonomy":"product_brand","embeddable":true,"href":"https:\/\/www.perihelio.com\/tienda\/wp-json\/wp\/v2\/product_brand?post=3572"},{"taxonomy":"product_cat","embeddable":true,"href":"https:\/\/www.perihelio.com\/tienda\/wp-json\/wp\/v2\/product_cat?post=3572"},{"taxonomy":"product_tag","embeddable":true,"href":"https:\/\/www.perihelio.com\/tienda\/wp-json\/wp\/v2\/product_tag?post=3572"}],"curies":[{"name":"wp","href":"https:\/\/api.w.org\/{rel}","templated":true}]}}