{"id":2874,"date":"2024-05-03T12:27:48","date_gmt":"2024-05-03T12:27:48","guid":{"rendered":"https:\/\/www.perihelio.com\/tienda\/?post_type=product&#038;p=2874"},"modified":"2025-03-11T17:40:03","modified_gmt":"2025-03-11T17:40:03","slug":"3dee-aeris-cura-gris-claro","status":"publish","type":"product","link":"https:\/\/www.perihelio.com\/tienda\/producto\/3dee-aeris-cura-gris-claro\/","title":{"rendered":"3DEE Aeris Cura Gris claro"},"content":{"rendered":"<h4><b>La silla de oficina Aeris 3Dee, la m\u00e1s innovadora del mundo.<\/b><\/h4>\n<p>Las sillas de oficina son innumerables, pero el desarrollo de Aeris ha destacado de nuevo con la silla activa de oficina\u00a0<strong>Aeris 3Dee<\/strong>\u00a0es \u00fanica en su \u00e1mbito. Su sistema nos permite el movimiento natural que nuestro cuerpo necesita y el cual hemos perdido debido a nuestra actual vida laboral. El secreto es relativamente sencillo, la silla Aeris 3Dee est\u00e1 dise\u00f1ada sin limitaciones y con el foco en el funcionamiento biomec\u00e1nico natural del ser humano.<\/p>\n<p>Tecnolog\u00eda pionera, ergonom\u00eda sin compromisos, dise\u00f1o atemporal: la esencia de la Aeris 3Dee. El n\u00facleo de esta innovadora silla de oficina es la tecnolog\u00eda 3D patentada, ya presente en el modelo\u00a0Aeris Swopper, el cual permite un movimiento natural en tres dimensiones. Adem\u00e1s, el respaldo ergon\u00f3micamente formado con tecnolog\u00eda laminar proporciona soporte sin restringir la libertad de movimiento.<\/p>\n<p><strong>Articulaci\u00f3n m\u00f3vil 3D<\/strong><br \/>\nAqu\u00ed es donde el rebote vertical se encuentra con una articulaci\u00f3n innovadora de alta tecnolog\u00eda que es responsable del movimiento lateral, as\u00ed como del movimiento hacia atr\u00e1s y hacia adelante. Puede ajustar la flexibilidad del movimiento de forma individual, para ejercitar m\u00e1s o menos sus m\u00fasculos.<\/p>\n<div class=\"et_pb_module et_pb_text et_pb_text_2 et_pb_text_align_left et_pb_bg_layout_light\">\n<div class=\"et_pb_text_inner\">\n<p><strong>Muelle e hidr\u00e1ulico de alta tecnolog\u00eda<\/strong>Elemento central del mecanismo\u00a0altamente sofisticado para el movimiento 3D. El soporte\u00a0aeris en swopper, swoppster y 3Dee permite el movimiento \u00fanico de rebote vertical.<\/p>\n<p><strong>Asiento\u00a0<\/strong><br \/>\nAmortiguaci\u00f3n especial de alta tecnolog\u00eda, con una nueva cubierta clim\u00e1ticamente activa para un\u00a0confortable asiento suave como una pluma. Cinco capas funcionales que combinan perfectamente y proporcionan una sesi\u00f3n transpirable, reguladora de la presi\u00f3n y del calor.<\/p>\n<p><strong>Respaldo arqueado<\/strong><br \/>\nSoporte c\u00f3modo sin restricci\u00f3n de movimiento. Perfecto para todas las formas de la espalda gracias a la contrapresi\u00f3n ajustable del respaldo y al soporte lumbar.<\/p>\n<p><strong>Datos t\u00e9cnicos:<\/strong><br \/>\n<strong>Peso<\/strong>: 20 kg \/\u00a0<strong>Base:<\/strong>\u00a075 cm de di\u00e1metro &#8211; aluminium \u00a0fundido \/\u00a0<strong>Asiento:<\/strong>\u00a0soporte de aluminio fundido y tapizado de espuma de poliuretano \/\u00a0<strong>Altura asiento\u00a0<\/strong>con carga: regulable de 42 a 56 cm \/\u00a0<strong>Ruedas:<\/strong>\u00a0para todos los suelos seg\u00fan norma DIN EN 12529<\/p>\n<p><strong>M\u00e1s informaci\u00f3n en nuestra web<\/strong>:<strong>\u00a0<span style=\"color: #dd9933;\"><a style=\"color: #dd9933;\" href=\"https:\/\/www.perihelio.com\/index.php\/silla-oficina-aeris-3dee\/\" target=\"_blank\" rel=\"noopener\">www.perihelio.com (silla 3Dee Aeris)<\/a><\/span><\/strong><\/p>\n<p><img loading=\"lazy\" decoding=\"async\" class=\"alignnone size-medium wp-image-1608\" src=\"https:\/\/www.perihelio.com\/tienda\/wp-content\/uploads\/2021\/02\/EN_Aeris_Authorised_Retailer_Logo_Black-300x55.png\" alt=\"\" width=\"300\" height=\"55\" srcset=\"https:\/\/www.perihelio.com\/tienda\/wp-content\/uploads\/2021\/02\/EN_Aeris_Authorised_Retailer_Logo_Black-300x55.png 300w, https:\/\/www.perihelio.com\/tienda\/wp-content\/uploads\/2021\/02\/EN_Aeris_Authorised_Retailer_Logo_Black-1024x186.png 1024w, https:\/\/www.perihelio.com\/tienda\/wp-content\/uploads\/2021\/02\/EN_Aeris_Authorised_Retailer_Logo_Black-768x140.png 768w, https:\/\/www.perihelio.com\/tienda\/wp-content\/uploads\/2021\/02\/EN_Aeris_Authorised_Retailer_Logo_Black-1536x280.png 1536w, https:\/\/www.perihelio.com\/tienda\/wp-content\/uploads\/2021\/02\/EN_Aeris_Authorised_Retailer_Logo_Black-416x76.png 416w, https:\/\/www.perihelio.com\/tienda\/wp-content\/uploads\/2021\/02\/EN_Aeris_Authorised_Retailer_Logo_Black.png 1911w\" sizes=\"auto, (max-width: 300px) 100vw, 300px\" \/><\/p>\n<p><span style=\"color: #000000;\"><strong>Premios y recomendaciones:<\/strong><\/span><\/p>\n<p><img loading=\"lazy\" decoding=\"async\" class=\"alignnone wp-image-1727 size-large\" src=\"https:\/\/www.perihelio.com\/tienda\/wp-content\/uploads\/2021\/11\/3dee-premios-1024x229.png\" alt=\"\" width=\"980\" height=\"219\" srcset=\"https:\/\/www.perihelio.com\/tienda\/wp-content\/uploads\/2021\/11\/3dee-premios-1024x229.png 1024w, https:\/\/www.perihelio.com\/tienda\/wp-content\/uploads\/2021\/11\/3dee-premios-300x67.png 300w, https:\/\/www.perihelio.com\/tienda\/wp-content\/uploads\/2021\/11\/3dee-premios-768x172.png 768w, https:\/\/www.perihelio.com\/tienda\/wp-content\/uploads\/2021\/11\/3dee-premios-1536x344.png 1536w, https:\/\/www.perihelio.com\/tienda\/wp-content\/uploads\/2021\/11\/3dee-premios-2048x458.png 2048w, https:\/\/www.perihelio.com\/tienda\/wp-content\/uploads\/2021\/11\/3dee-premios-416x93.png 416w\" sizes=\"auto, (max-width: 980px) 100vw, 980px\" \/><\/p>\n<\/div>\n<\/div>\n","protected":false},"excerpt":{"rendered":"<p><strong>Silla activa 3DEE<\/strong> de AERIS, con asiento de tela <strong>Cura<\/strong> (marca Gabriel, fabricada con <strong>100% de poli\u00e9ster reciclado<\/strong>).<\/p>\n<p><span class=\"HwtZe\" lang=\"es\"><span class=\"jCAhz ChMk0b\"><span class=\"ryNqvb\">Perfecta para oficinas , la tela Cura fusiona el rendimiento moderno con una est\u00e9tica c\u00e1lida e informal con un toque suave. La textura mate, <span style=\"color: #dd9933;\"><strong>\u00a0<\/strong><\/span><span style=\"color: #dd9933;\"><span style=\"caret-color: #dd9933;\"><b>ligeramente jaspeada<\/b><\/span><\/span> y de aspecto natural del tejido <span style=\"color: #dd9933;\"><span style=\"caret-color: #dd9933;\"><b>imita la est\u00e9tica de las fibras naturales,<\/b><\/span><\/span> a\u00f1adiendo un factor de bienestar. <strong>Cura<\/strong> es un tejido de tapicer\u00eda <span style=\"color: #dd9933;\"><span style=\"caret-color: #dd9933;\"><b>fabricado con 100% de poli\u00e9ster reciclado post-consumo, hecho de botellas de pl\u00e1stico usadas <\/b><\/span><\/span>que, de otro modo, podr\u00edan haber terminado en vertederos o en la naturaleza.<\/span><\/span> <span class=\"jCAhz ChMk0b\"><span class=\"ryNqvb\">El poli\u00e9ster reciclado utilizado para Cura tiene la certificaci\u00f3n GRS (Global Recycle Standard) para verificar el contenido del material reciclado y garantizar la trazabilidad.<\/span><\/span> <span class=\"jCAhz ChMk0b\"><span class=\"ryNqvb\">Como la mayor\u00eda de los tejidos de Gabriel, Cura tambi\u00e9n cuenta con la certificaci\u00f3n EU Ecolabel y STANDARD 100 by OEKO-TEX\u00ae, test de resitencia 100.000 ciclos Martindale.\u00a0<\/span><\/span><\/span><\/p>\n<p><strong>Las fibras grises o negras a\u00f1aden un vibrante efecto jaspeado a cada color Cura<\/strong>. Las combinaciones de colores grises \u00abmelange\u00bb iluminan la paleta, mientras que las mezclas negras crean alternativas de colores m\u00e1s oscuros y una expresi\u00f3n \u00abmelange\u00bb m\u00e1s distintiva. El efecto de mezclar fibras m\u00e1s oscuras y m\u00e1s claras ayuda a camuflar la suciedad y el desgaste incluso en las versiones ligeras, mejorando la durabilidad del tejido y contribuyendo a prolongar la vida de la silla. La tela Cura ha pasado con \u00e9xito todos los test de abrasi\u00f3n, formaci\u00f3n de bolitas, solidez a la luz, solidez al frote en seco\/h\u00famedo y inflamabilidad.<\/p>\n<p>Peso permitido: desde 50 hasta 120 kg \/ altura silla con carga: 42 -56 cm seg\u00fan norma DIN EN 1335<\/p>\n<p><span style=\"color: #dd9933;\"><strong><em>Silla fabricada seg\u00fan configuraci\u00f3n del cliente: entrega 3 a 4 semanas una vez realizado el pago.<\/em><\/strong><\/span><\/p>\n","protected":false},"featured_media":2872,"template":"","meta":{"iawp_total_views":17},"product_brand":[],"product_cat":[57,50],"product_tag":[145],"class_list":{"0":"post-2874","1":"product","2":"type-product","3":"status-publish","4":"has-post-thumbnail","6":"product_cat-3dee-aeris","7":"product_cat-sillas-ergonomicas","8":"product_tag-ergonomica","9":"product_shipping_class-aeris","11":"first","12":"instock","13":"taxable","14":"shipping-taxable","15":"purchasable","16":"product-type-simple"},"acf":[],"_links":{"self":[{"href":"https:\/\/www.perihelio.com\/tienda\/wp-json\/wp\/v2\/product\/2874","targetHints":{"allow":["GET"]}}],"collection":[{"href":"https:\/\/www.perihelio.com\/tienda\/wp-json\/wp\/v2\/product"}],"about":[{"href":"https:\/\/www.perihelio.com\/tienda\/wp-json\/wp\/v2\/types\/product"}],"wp:featuredmedia":[{"embeddable":true,"href":"https:\/\/www.perihelio.com\/tienda\/wp-json\/wp\/v2\/media\/2872"}],"wp:attachment":[{"href":"https:\/\/www.perihelio.com\/tienda\/wp-json\/wp\/v2\/media?parent=2874"}],"wp:term":[{"taxonomy":"product_brand","embeddable":true,"href":"https:\/\/www.perihelio.com\/tienda\/wp-json\/wp\/v2\/product_brand?post=2874"},{"taxonomy":"product_cat","embeddable":true,"href":"https:\/\/www.perihelio.com\/tienda\/wp-json\/wp\/v2\/product_cat?post=2874"},{"taxonomy":"product_tag","embeddable":true,"href":"https:\/\/www.perihelio.com\/tienda\/wp-json\/wp\/v2\/product_tag?post=2874"}],"curies":[{"name":"wp","href":"https:\/\/api.w.org\/{rel}","templated":true}]}}

<h4><b>La silla de oficina Aeris 3Dee, la más innovadora del mundo.</b></h4>
<p>Las sillas de oficina son innumerables, pero el desarrollo de Aeris ha destacado de nuevo con la silla activa de oficina <strong>Aeris 3Dee</strong> es única en su ámbito. Su sistema nos permite el movimiento natural que nuestro cuerpo necesita y el cual hemos perdido debido a nuestra actual vida laboral. El secreto es relativamente sencillo, la silla Aeris 3Dee está diseñada sin limitaciones y con el foco en el funcionamiento biomecánico natural del ser humano.</p>
<p>Tecnología pionera, ergonomía sin compromisos, diseño atemporal: la esencia de la Aeris 3Dee. El núcleo de esta innovadora silla de oficina es la tecnología 3D patentada, ya presente en el modelo Aeris Swopper, el cual permite un movimiento natural en tres dimensiones. Además, el respaldo ergonómicamente formado con tecnología laminar proporciona soporte sin restringir la libertad de movimiento.</p>
<p><strong>Articulación móvil 3D</strong><br />
Aquí es donde el rebote vertical se encuentra con una articulación innovadora de alta tecnología que es responsable del movimiento lateral, así como del movimiento hacia atrás y hacia adelante. Puede ajustar la flexibilidad del movimiento de forma individual, para ejercitar más o menos sus músculos.</p>
<div class="et_pb_module et_pb_text et_pb_text_2 et_pb_text_align_left et_pb_bg_layout_light">
<div class="et_pb_text_inner">
<p><strong>Muelle e hidráulico de alta tecnología</strong>Elemento central del mecanismo altamente sofisticado para el movimiento 3D. El soporte aeris en swopper, swoppster y 3Dee permite el movimiento único de rebote vertical.</p>
<p><strong>Asiento </strong><br />
Amortiguación especial de alta tecnología, con una nueva cubierta climáticamente activa para un confortable asiento suave como una pluma. Cinco capas funcionales que combinan perfectamente y proporcionan una sesión transpirable, reguladora de la presión y del calor.</p>
<p><strong>Respaldo arqueado</strong><br />
Soporte cómodo sin restricción de movimiento. Perfecto para todas las formas de la espalda gracias a la contrapresión ajustable del respaldo y al soporte lumbar.</p>
<p><strong>Datos técnicos:</strong><br />
<strong>Peso</strong>: 20 kg / <strong>Base:</strong> 75 cm de diámetro &#8211; aluminium  fundido / <strong>Asiento:</strong> soporte de aluminio fundido y tapizado de espuma de poliuretano / <strong>Altura asiento </strong>con carga: regulable de 42 a 56 cm / <strong>Ruedas:</strong> para todos los suelos según norma DIN EN 12529</p>
<p><strong>Más información en nuestra web</strong>:<strong> <span style="color: #dd9933;"><a style="color: #dd9933;" href="https://www.perihelio.com/index.php/silla-oficina-aeris-3dee/" target="_blank" rel="noopener">www.perihelio.com (silla 3Dee Aeris)</a></span></strong></p>
<p><img loading="lazy" decoding="async" class="alignnone size-medium wp-image-1608" src="https://www.perihelio.com/tienda/wp-content/uploads/2021/02/EN_Aeris_Authorised_Retailer_Logo_Black-300x55.png" alt="" width="300" height="55" srcset="https://www.perihelio.com/tienda/wp-content/uploads/2021/02/EN_Aeris_Authorised_Retailer_Logo_Black-300x55.png 300w, https://www.perihelio.com/tienda/wp-content/uploads/2021/02/EN_Aeris_Authorised_Retailer_Logo_Black-1024x186.png 1024w, https://www.perihelio.com/tienda/wp-content/uploads/2021/02/EN_Aeris_Authorised_Retailer_Logo_Black-768x140.png 768w, https://www.perihelio.com/tienda/wp-content/uploads/2021/02/EN_Aeris_Authorised_Retailer_Logo_Black-1536x280.png 1536w, https://www.perihelio.com/tienda/wp-content/uploads/2021/02/EN_Aeris_Authorised_Retailer_Logo_Black-416x76.png 416w, https://www.perihelio.com/tienda/wp-content/uploads/2021/02/EN_Aeris_Authorised_Retailer_Logo_Black.png 1911w" sizes="auto, (max-width: 300px) 100vw, 300px" /></p>
<p><span style="color: #000000;"><strong>Premios y recomendaciones:</strong></span></p>
<p><img loading="lazy" decoding="async" class="alignnone wp-image-1727 size-large" src="https://www.perihelio.com/tienda/wp-content/uploads/2021/11/3dee-premios-1024x229.png" alt="" width="980" height="219" srcset="https://www.perihelio.com/tienda/wp-content/uploads/2021/11/3dee-premios-1024x229.png 1024w, https://www.perihelio.com/tienda/wp-content/uploads/2021/11/3dee-premios-300x67.png 300w, https://www.perihelio.com/tienda/wp-content/uploads/2021/11/3dee-premios-768x172.png 768w, https://www.perihelio.com/tienda/wp-content/uploads/2021/11/3dee-premios-1536x344.png 1536w, https://www.perihelio.com/tienda/wp-content/uploads/2021/11/3dee-premios-2048x458.png 2048w, https://www.perihelio.com/tienda/wp-content/uploads/2021/11/3dee-premios-416x93.png 416w" sizes="auto, (max-width: 980px) 100vw, 980px" /></p>
</div>
</div>

<p><strong>Silla activa 3DEE</strong> de AERIS, con asiento de tela <strong>Cura</strong> (marca Gabriel, fabricada con <strong>100% de poliéster reciclado</strong>).</p>
<p><span class="HwtZe" lang="es"><span class="jCAhz ChMk0b"><span class="ryNqvb">Perfecta para oficinas , la tela Cura fusiona el rendimiento moderno con una estética cálida e informal con un toque suave. La textura mate, <span style="color: #dd9933;"><strong> </strong></span><span style="color: #dd9933;"><span style="caret-color: #dd9933;"><b>ligeramente jaspeada</b></span></span> y de aspecto natural del tejido <span style="color: #dd9933;"><span style="caret-color: #dd9933;"><b>imita la estética de las fibras naturales,</b></span></span> añadiendo un factor de bienestar. <strong>Cura</strong> es un tejido de tapicería <span style="color: #dd9933;"><span style="caret-color: #dd9933;"><b>fabricado con 100% de poliéster reciclado post-consumo, hecho de botellas de plástico usadas </b></span></span>que, de otro modo, podrían haber terminado en vertederos o en la naturaleza.</span></span> <span class="jCAhz ChMk0b"><span class="ryNqvb">El poliéster reciclado utilizado para Cura tiene la certificación GRS (Global Recycle Standard) para verificar el contenido del material reciclado y garantizar la trazabilidad.</span></span> <span class="jCAhz ChMk0b"><span class="ryNqvb">Como la mayoría de los tejidos de Gabriel, Cura también cuenta con la certificación EU Ecolabel y STANDARD 100 by OEKO-TEX®, test de resitencia 100.000 ciclos Martindale. </span></span></span></p>
<p><strong>Las fibras grises o negras añaden un vibrante efecto jaspeado a cada color Cura</strong>. Las combinaciones de colores grises «melange» iluminan la paleta, mientras que las mezclas negras crean alternativas de colores más oscuros y una expresión «melange» más distintiva. El efecto de mezclar fibras más oscuras y más claras ayuda a camuflar la suciedad y el desgaste incluso en las versiones ligeras, mejorando la durabilidad del tejido y contribuyendo a prolongar la vida de la silla. La tela Cura ha pasado con éxito todos los test de abrasión, formación de bolitas, solidez a la luz, solidez al frote en seco/húmedo y inflamabilidad.</p>
<p>Peso permitido: desde 50 hasta 120 kg / altura silla con carga: 42 -56 cm según norma DIN EN 1335</p>
<p><span style="color: #dd9933;"><strong><em>Silla fabricada según configuración del cliente: entrega 3 a 4 semanas una vez realizado el pago.</em></strong></span></p>
