{"id":2672,"date":"2023-12-07T20:14:34","date_gmt":"2023-12-07T20:14:34","guid":{"rendered":"https:\/\/www.perihelio.com\/tienda\/?post_type=product&#038;p=2672"},"modified":"2026-04-28T17:48:24","modified_gmt":"2026-04-28T17:48:24","slug":"funda-hoja-accesorio-muvmat","status":"publish","type":"product","link":"https:\/\/www.perihelio.com\/tienda\/producto\/funda-hoja-accesorio-muvmat\/","title":{"rendered":"FUNDA HOJA- accesorio para Muvmat Aeris"},"content":{"rendered":"<p><strong>No incluye la alfombra<\/strong>, solamente la funda protectora.<\/p>\n<p>La naturaleza es el artista m\u00e1s creativo. Por eso, el dise\u00f1ador Jos\u00e9 Perico de Mortar Pestle Studio se inspir\u00f3 de ella para los nuevos dise\u00f1os de las fundas Aeris Muvmat, en el mismo lugar donde cada paso trae nuevas ideas: los largos paseos por la naturaleza. <em>\u00abPaseos por bosques y senderos naturales, sobre monta\u00f1as, piedras y ra\u00edces: quiero llevar todas estas texturas org\u00e1nicas a las cubiertas de Aeris Muvmat con mis dise\u00f1os\u00bb<\/em>, dice el artista portugu\u00e9s. Sus conceptos vegetales se basan en la flora b\u00e1vara y las especies del bosque b\u00e1varo. Jos\u00e9 mezcla as\u00ed la aleatoriedad con el arte preciso: <em>\u00abSiempre me he centrado en patrones y texturas que combinan movimiento y cercan\u00eda a la naturaleza\u00bb.<\/em> Exactamente lo que representa el Aeris Muvmat.<\/p>\n<p>Mas informaci\u00f3n en nuestra web:\u00a0<span style=\"color: #000000;\"><strong><a style=\"color: #000000;\" href=\"https:\/\/www.perihelio.com\/index.php\/Alfombra-Aeris-muvmat\/\">Alfombra MUVMAT en www.perihelio.com<\/a><\/strong><\/span><\/p>\n<p><img loading=\"lazy\" decoding=\"async\" class=\"alignnone size-medium wp-image-1608\" src=\"https:\/\/www.perihelio.com\/tienda\/wp-content\/uploads\/2021\/02\/EN_Aeris_Authorised_Retailer_Logo_Black-300x55.png\" alt=\"\" width=\"300\" height=\"55\" srcset=\"https:\/\/www.perihelio.com\/tienda\/wp-content\/uploads\/2021\/02\/EN_Aeris_Authorised_Retailer_Logo_Black-300x55.png 300w, https:\/\/www.perihelio.com\/tienda\/wp-content\/uploads\/2021\/02\/EN_Aeris_Authorised_Retailer_Logo_Black-1024x186.png 1024w, https:\/\/www.perihelio.com\/tienda\/wp-content\/uploads\/2021\/02\/EN_Aeris_Authorised_Retailer_Logo_Black-768x140.png 768w, https:\/\/www.perihelio.com\/tienda\/wp-content\/uploads\/2021\/02\/EN_Aeris_Authorised_Retailer_Logo_Black-1536x280.png 1536w, https:\/\/www.perihelio.com\/tienda\/wp-content\/uploads\/2021\/02\/EN_Aeris_Authorised_Retailer_Logo_Black-416x76.png 416w, https:\/\/www.perihelio.com\/tienda\/wp-content\/uploads\/2021\/02\/EN_Aeris_Authorised_Retailer_Logo_Black.png 1911w\" sizes=\"auto, (max-width: 300px) 100vw, 300px\" \/><\/p>\n<p>&nbsp;<\/p>\n","protected":false},"excerpt":{"rendered":"<p><strong>FUNDA Flora para la alfombra Muvmat de Aeris.<\/strong><\/p>\n<p>Modelo Hoja.<\/p>\n","protected":false},"featured_media":1366,"template":"","meta":{"iawp_total_views":2},"product_brand":[],"product_cat":[146,50],"product_tag":[],"class_list":{"0":"post-2672","1":"product","2":"type-product","3":"status-publish","4":"has-post-thumbnail","6":"product_cat-oficina-activa","7":"product_cat-sillas-ergonomicas","9":"first","10":"instock","11":"taxable","12":"shipping-taxable","13":"purchasable","14":"product-type-simple"},"acf":[],"_links":{"self":[{"href":"https:\/\/www.perihelio.com\/tienda\/wp-json\/wp\/v2\/product\/2672","targetHints":{"allow":["GET"]}}],"collection":[{"href":"https:\/\/www.perihelio.com\/tienda\/wp-json\/wp\/v2\/product"}],"about":[{"href":"https:\/\/www.perihelio.com\/tienda\/wp-json\/wp\/v2\/types\/product"}],"wp:featuredmedia":[{"embeddable":true,"href":"https:\/\/www.perihelio.com\/tienda\/wp-json\/wp\/v2\/media\/1366"}],"wp:attachment":[{"href":"https:\/\/www.perihelio.com\/tienda\/wp-json\/wp\/v2\/media?parent=2672"}],"wp:term":[{"taxonomy":"product_brand","embeddable":true,"href":"https:\/\/www.perihelio.com\/tienda\/wp-json\/wp\/v2\/product_brand?post=2672"},{"taxonomy":"product_cat","embeddable":true,"href":"https:\/\/www.perihelio.com\/tienda\/wp-json\/wp\/v2\/product_cat?post=2672"},{"taxonomy":"product_tag","embeddable":true,"href":"https:\/\/www.perihelio.com\/tienda\/wp-json\/wp\/v2\/product_tag?post=2672"}],"curies":[{"name":"wp","href":"https:\/\/api.w.org\/{rel}","templated":true}]}}