{"id":2618,"date":"2023-11-17T17:57:36","date_gmt":"2023-11-17T17:57:36","guid":{"rendered":"https:\/\/www.perihelio.com\/tienda\/?post_type=product&#038;p=2618"},"modified":"2024-11-25T20:24:44","modified_gmt":"2024-11-25T20:24:44","slug":"chaqueta-lana-gris-bergmaid-mujer","status":"publish","type":"product","link":"https:\/\/www.perihelio.com\/tienda\/producto\/chaqueta-lana-gris-bergmaid-mujer\/","title":{"rendered":"CHAQUETA lana gris Bergmaid mujer"},"content":{"rendered":"<p>El modelo Bergmaid de la serie Petromax Loden es una chaqueta sin forro, que<span style=\"color: #dd9933;\"> <strong>favorece la regulaci\u00f3n de la temperatura corporal<\/strong> <\/span>en los d\u00edas calurosos, incluso en las subidas dif\u00edciles. La Bergmaid tambi\u00e9n se puede combinar en la estaci\u00f3n fr\u00eda como capa exterior por encima de lo que llevas puesto.\u00a0Dos bolsillos en el pecho y dos grandes bolsillos laterales en cada lado, as\u00ed que la cremallera bidireccional, se pueden manipular f\u00e1cilmente con una mano y dejan suficiente espacio para guardar peque\u00f1as piezas de equipo. Los bolsillos grandes est\u00e1n equipados con forro de malla y sirven como aberturas de ventilaci\u00f3n adicionales. El logotipo bordado de alta calidad de la marca del drag\u00f3n Petromax en el pecho y en el hombro le da a tu chaqueta Bergmaid un aspecto visual deslumbrante.<\/p>\n<p><strong><span class=\"Q4iAWc\">Caracter\u00edsticas de la Bergmaid de un vistazo:<\/span><\/strong><br \/>\nCapucha ajustable \u00e0 dos niveles, cuello alto, dos bolsillos en el pecho y dos grandes bolsillos laterales (manejo con una mano, con forro), pu\u00f1os con velcro, bajo ajustable con cord\u00f3n el\u00e1stico, cremallera de dos sentidos, logo de drag\u00f3n bordado en el pecho y el hombro.<\/p>\n<p><strong><span class=\"Q4iAWc\">Caracter\u00edsticas t\u00e9cnicas:<\/span><\/strong><br \/>\nMarca: Petromax<br \/>\nModelo: Chaqueta Bergmaid corta para mujer<br \/>\nMaterial exterior: 100% Loden (lana virgen presada)<br \/>\nGrosor del material (Loden): 480 g\/ml<br \/>\nColor: Gris<br \/>\nTallas: XS &#8211; 3XL<br \/>\n**\u00a0<em>Si no encuentras tu talla en nuestra web, ponte en contacto con nosotros para encarg\u00e1rtela: tiendaonline@perihelio.com<\/em><\/p>\n<p><strong>\u00bfQue es la tela Loden de Petromax ?<\/strong><br \/>\nPetromax Loden es un producto natural robusto. Durante siglos, el Loden ha sido conocido como un<strong><span style=\"color: #dd9933;\"> tejido resistente para las actividades al aire libre<\/span><\/strong> y se utiliza hasta hoy (por ejemplo, para ropa de caza). Loden de Petromax es de lana de oveja 100% molida, garantizada sin mulas, duradera y sin aditivos. El Loden se fabrica en Alemania <span style=\"color: #ff6707;\"><strong><span style=\"color: #dd9933;\">utilizando un proceso tradicional <\/span><\/strong><span style=\"color: #000000;\">q<\/span><\/span><span style=\"color: #000000;\">u<\/span>e pasa por varios pasos meticulosos. Primero hilado y luego tejido, la lana finalmente se torce en el agua a alta presi\u00f3n para crear una densidad extrema. Esto da como resultado que <span style=\"color: #dd9933;\"><strong>el material natural sea extremadamente robusto, indeformable, resistente a las chispas e impermeable y a prueba de viento.<\/strong> <\/span>De esta manera, las prendas Petromax Loden logran una calidad muy alta.<\/p>\n<p><strong>\u00bfComo mantener el Loden de Petromax ?<\/strong><br \/>\nLa ropa Petromax de Loden es muy f\u00e1cil de cuidar y, teniendo en cuenta los siguientes consejos, resistir\u00e1 todas las aventuras durante muchos a\u00f1os:<br \/>\nDespu\u00e9s de usarla, basta con ventilarla para que adquiera un olor fresco. Dado que <span style=\"color: #dd9933;\"><span style=\"color: #000000;\">el Loden<\/span> <strong>no absorbe los olores,<\/strong> <strong>tampoco absorbe el olor de la transpiraci\u00f3n o el humo. La suciedad m\u00e1s gruesa se puede cepillar en seco.<\/strong><\/span> Lavar el Loden no deber\u00eda ser necesario. En el caso de que un simple cepillado no supere deshacerse de las manchas, lave la prenda con la ropa de mano especialmente dise\u00f1ada o utilice un servicio de limpieza en seco. El planchado regular densificar\u00e1 la superficie del material y mantendr\u00e1 sus propiedades hidrof\u00f3bicas. Coloca la plancha al nivel medio y plancha la prenda con baja presi\u00f3n. Los bordados del logotipo y las inscripciones deben cubrirse con papel de planchado.<\/p>\n","protected":false},"excerpt":{"rendered":"<p><span style=\"color: #dd9933;\"><strong>Chaqueta de mujer \u00a0de la marca PETROMAX, color gris, en lana virgen prensada 100%.<\/strong><\/span><\/p>\n<p>Para mujeres con esp\u00edritu aventurero: la chaqueta Petromax Bergmaid Loden es ideal para sus paseos por la naturaleza. La Bergmaid con corte deportivo y ce\u00f1ido le acompa\u00f1a de forma fiable en las expediciones al aire libre, ya que el tejido natural Loden satisface las necesidades de la ropa para las actividades al aire libre, \u00a0la caza o paseos a caballo: su Petromax Bergmaid es <span style=\"color: #dd9933;\"><strong>a prueba de chispas, \u00a0no se deforma, resistente al viento y al agua, y no absorbe \u00a0los olores.\u00a0<\/strong><\/span><span style=\"color: #dd9933;\"><strong>Con 480 g\/ml de zancada Loden, la Bergmaid es robusta y ligera.<\/strong><\/span><\/p>\n<div>Gu\u00eda de tallas:<\/div>\n<p><img loading=\"lazy\" decoding=\"async\" class=\"wp-image-2154 size-full\" src=\"https:\/\/www.perihelio.com\/tienda\/wp-content\/uploads\/2022\/05\/P_Tailles_Bergmaid_corta.png\" alt=\"\" width=\"1170\" height=\"837\" srcset=\"https:\/\/www.perihelio.com\/tienda\/wp-content\/uploads\/2022\/05\/P_Tailles_Bergmaid_corta.png 1170w, https:\/\/www.perihelio.com\/tienda\/wp-content\/uploads\/2022\/05\/P_Tailles_Bergmaid_corta-300x215.png 300w, https:\/\/www.perihelio.com\/tienda\/wp-content\/uploads\/2022\/05\/P_Tailles_Bergmaid_corta-1024x733.png 1024w, https:\/\/www.perihelio.com\/tienda\/wp-content\/uploads\/2022\/05\/P_Tailles_Bergmaid_corta-768x549.png 768w, https:\/\/www.perihelio.com\/tienda\/wp-content\/uploads\/2022\/05\/P_Tailles_Bergmaid_corta-416x298.png 416w\" sizes=\"auto, (max-width: 1170px) 100vw, 1170px\" \/><\/p>\n","protected":false},"featured_media":2625,"template":"","meta":{"iawp_total_views":47},"product_brand":[],"product_cat":[49],"product_tag":[228,44,213],"class_list":{"0":"post-2618","1":"product","2":"type-product","3":"status-publish","4":"has-post-thumbnail","6":"product_cat-outlet","7":"product_tag-gris","8":"product_tag-lana","9":"product_tag-ropa-mujer","11":"first","12":"outofstock","13":"sale","14":"taxable","15":"shipping-taxable","16":"purchasable","17":"product-type-variable"},"acf":[],"_links":{"self":[{"href":"https:\/\/www.perihelio.com\/tienda\/wp-json\/wp\/v2\/product\/2618","targetHints":{"allow":["GET"]}}],"collection":[{"href":"https:\/\/www.perihelio.com\/tienda\/wp-json\/wp\/v2\/product"}],"about":[{"href":"https:\/\/www.perihelio.com\/tienda\/wp-json\/wp\/v2\/types\/product"}],"wp:featuredmedia":[{"embeddable":true,"href":"https:\/\/www.perihelio.com\/tienda\/wp-json\/wp\/v2\/media\/2625"}],"wp:attachment":[{"href":"https:\/\/www.perihelio.com\/tienda\/wp-json\/wp\/v2\/media?parent=2618"}],"wp:term":[{"taxonomy":"product_brand","embeddable":true,"href":"https:\/\/www.perihelio.com\/tienda\/wp-json\/wp\/v2\/product_brand?post=2618"},{"taxonomy":"product_cat","embeddable":true,"href":"https:\/\/www.perihelio.com\/tienda\/wp-json\/wp\/v2\/product_cat?post=2618"},{"taxonomy":"product_tag","embeddable":true,"href":"https:\/\/www.perihelio.com\/tienda\/wp-json\/wp\/v2\/product_tag?post=2618"}],"curies":[{"name":"wp","href":"https:\/\/api.w.org\/{rel}","templated":true}]}}