{"id":2099,"date":"2022-04-05T22:23:51","date_gmt":"2022-04-05T22:23:51","guid":{"rendered":"https:\/\/www.perihelio.com\/tienda\/?post_type=product&#038;p=2099"},"modified":"2022-04-05T22:24:19","modified_gmt":"2022-04-05T22:24:19","slug":"brasero-bol-tyropit","status":"publish","type":"product","link":"https:\/\/www.perihelio.com\/tienda\/producto\/brasero-bol-tyropit\/","title":{"rendered":"BRASERO-BOL TYROPIT"},"content":{"rendered":"<div class=\"product-detail-informations\">\n<div class=\"product-detail-description-text\">\n<p><strong>El Brasero Tyropit<\/strong>\u00a0trae la magie de una verdadera fogata a tu jardin para encuentros agradables en torno a un juego de llamas crepitantes que se convertir\u00e1n en momentos \u00fanicos.<\/p>\n<p>El <strong>cuepo de doble pared<\/strong> de alta calidad rodea y protege el fuego de le\u00f1a y garantiza una combusti\u00f3n <strong>pr\u00e1cticamente sin humo ni holl\u00edn<\/strong> a trav\u00e9s de orificios de ventilaci\u00f3n especialmente \u00a0posicionados. Para que puedas disfrutar plenamente de las noches llenas de luz y calidez, cuidando a su vez del medio ambiente y de tus vecinos.<\/p>\n<p>El Brasero Tyropit de <strong>acero inoxydable<\/strong>, con un dise\u00f1o industrial, seduce por su <strong>eficiencia y funcionalidad.<\/strong>\u00a0 El material es particularmente <b>duradero <\/b>y adquiere una p\u00e1tina caracter\u00edstica \u00fanica con el tiempo. Las tres patas macizas garantizan una buena estabilidad en el suelo de tu terraza mientras que la pantalla t\u00e9rmica protege las superficies sensibles.<\/p>\n<p>Hazte con el brasero de acero inoxidable Tyropit para reunir a tus amigos alrededor de une fogata en tu jard\u00edn o para disfrutar de un ambiente c\u00e1lido en total intimidad.<\/p>\n<p><strong>Caracter\u00edsticas\u00a0t\u00e9cnicas:<br \/>\n<\/strong>Di\u00e1metro del borde superior(exterior) : 57,8cm<br \/>\nDi\u00e1metro del borde superior (interior) : 50,6cm<br \/>\nEspacio necesario para colocarle en el suelo : 62,3 cm<br \/>\nAltura de los pies : 35,5cm<br \/>\nMaterial: acero inoxidable<br \/>\nAltura x ancho x profundidad (en cm) : 34,9 x 57 x 57 cm<br \/>\nAltura x ancho x profundidad con embalaje (en cm) : 25 x 59 x 59 cm<br \/>\nPeso: 12,1kg<br \/>\nPeso con embalaje : 14,4 kg<\/p>\n<p><strong>Contenido a la entrega:<br \/>\n<\/strong>1 x Cuerpo cil\u00edndrico \u00a0(revistimiento interior y exterior remachado).<br \/>\n1 x Parrilla para carb\u00f3n<br \/>\n1 x Cenicero con c\u00fapula antichispas<br \/>\n1 x Escudo t\u00e9rmico<br \/>\n3 x Soporte de montaje con rosca<br \/>\n3 x Pies<br \/>\n6 x Tornillos Allen (hueco hexagonal)<br \/>\n6 x Arandelas<br \/>\n1 x Llave Allen para montar los pies<br \/>\n1 x Manual de usuario (alem\u00e1n &#8211; ingl\u00e9s &#8211; franc\u00e9s)<\/p>\n<\/div>\n<\/div>\n","protected":false},"excerpt":{"rendered":"<p><strong>Brasero-bol TYROPIT \u00a0de la marca FEUERHAND<\/strong><\/p>\n<p>El <strong>brasero Tyropit<\/strong> se convierte en el coraz\u00f3n crepitante de su jard\u00edn:<\/p>\n<ul>\n<li>una distribuci\u00f3n del calor especialmente uniforme gracias al dise\u00f1o plano y al cuerpo de acero inoxidable de doble pared con aberturas de ventilaci\u00f3n en todo el per\u00edmetro, un cuerpo robusto y resistente al calor con tres patas estables para un fuego protegido y una estabilidad perfecta.<\/li>\n<li>Un escudo t\u00e9rmico integrado para la protecci\u00f3n de suelos sensibles.<\/li>\n<li>Funcionamiento con baja emisi\u00f3n de holl\u00edn y humo debido a la combusti\u00f3n directa de los gases de combusti\u00f3n ascendentes.<\/li>\n<li>Eliminaci\u00f3n f\u00e1cil y limpia de los residuos de ceniza gracias a una rejilla para carb\u00f3n separada y cenicero retirable.<\/li>\n<\/ul>\n","protected":false},"featured_media":2107,"template":"","meta":{"iawp_total_views":59},"product_brand":[],"product_cat":[48],"product_tag":[205,182,206],"class_list":{"0":"post-2099","1":"product","2":"type-product","3":"status-publish","4":"has-post-thumbnail","6":"product_cat-fuego","7":"product_tag-fogata","8":"product_tag-fuego","9":"product_tag-parilla","10":"product_shipping_class-petromax","12":"first","13":"instock","14":"sold-individually","15":"taxable","16":"shipping-taxable","17":"purchasable","18":"product-type-simple"},"acf":[],"_links":{"self":[{"href":"https:\/\/www.perihelio.com\/tienda\/wp-json\/wp\/v2\/product\/2099","targetHints":{"allow":["GET"]}}],"collection":[{"href":"https:\/\/www.perihelio.com\/tienda\/wp-json\/wp\/v2\/product"}],"about":[{"href":"https:\/\/www.perihelio.com\/tienda\/wp-json\/wp\/v2\/types\/product"}],"wp:featuredmedia":[{"embeddable":true,"href":"https:\/\/www.perihelio.com\/tienda\/wp-json\/wp\/v2\/media\/2107"}],"wp:attachment":[{"href":"https:\/\/www.perihelio.com\/tienda\/wp-json\/wp\/v2\/media?parent=2099"}],"wp:term":[{"taxonomy":"product_brand","embeddable":true,"href":"https:\/\/www.perihelio.com\/tienda\/wp-json\/wp\/v2\/product_brand?post=2099"},{"taxonomy":"product_cat","embeddable":true,"href":"https:\/\/www.perihelio.com\/tienda\/wp-json\/wp\/v2\/product_cat?post=2099"},{"taxonomy":"product_tag","embeddable":true,"href":"https:\/\/www.perihelio.com\/tienda\/wp-json\/wp\/v2\/product_tag?post=2099"}],"curies":[{"name":"wp","href":"https:\/\/api.w.org\/{rel}","templated":true}]}}