{"id":172,"date":"2021-02-12T15:01:39","date_gmt":"2021-02-12T15:01:39","guid":{"rendered":"https:\/\/www.perihelio.com\/tienda\/?post_type=product&#038;p=172"},"modified":"2023-12-02T11:27:16","modified_gmt":"2023-12-02T11:27:16","slug":"manta-lana-petromax","status":"publish","type":"product","link":"https:\/\/www.perihelio.com\/tienda\/producto\/manta-lana-petromax\/","title":{"rendered":"Manta lana virgen Petromax"},"content":{"rendered":"<p><strong>Una protecci\u00f3n integral con la manta de lana de Petromax<\/strong><\/p>\n<p>La manta de lana virgen completa su equipamiento para las salidas al aire libre. Tanto para una parada al borde del bosque o una noche fresca mirando las estrellas alrededor de una hoguera. Las propiedades naturales del material son una real ventaja para irse de aventura: la alta densidad de las fibras de lana hace que su superficie sea resistente a las chispas y hidr\u00f3fuga. La manta permite tambi\u00e9n mantener el calor, y os mantiene caliente gracias a vuestro propia temperatura corporal. As\u00ed est\u00e1is perfectamente preparado para hacer frente a unas jornadas de gran frio. El ribete de lana de ovejas merinas y el escudo de cuero marcado con el logo en la cara superior de la manta le dan un toque a su pr\u00f3xima salida en el campo.<\/p>\n<p>La\u00a0 manta de lana Petromax con una cinta de cuero, la aventura para llevar en cualquier sitio. La\u00a0 manta de lana Petromax viene con su cinta de cuero hecha a medida. Para transportarla, enrollar la manta, as\u00ed ocupa poco espacio y se fija con sus dos cinchas ajustables. Ten\u00e9is la aventura a mano gracias a su asa de transporte.<\/p>\n<p>Tambi\u00e9n disponible en blanco plomo \/gris oscuro.<br \/>\nFabricado en Alemania<\/p>\n<p><strong>Caracter\u00edsticas<br \/>\n<\/strong><\/p>\n<p>Resistente a las chispas, hidr\u00f3fugo, esquinas rodeadas, acabado punto de caballo en lana blanca de ovejas merinas, cinchas y asa de cuero incluidos\u00a0 para el transporte, escudo de cuero marcado con el logo en la cara superior.<\/p>\n<p><strong>Caracter\u00edsticas t\u00e9cnicas<\/strong><\/p>\n<p>Material : lana virgen<br \/>\nMaterial de la bordura : lana de oveja merina<br \/>\nColores: verde musgo \/ negro<br \/>\nMedida : 150 x 200 cm<br \/>\nPeso: 1 kg<\/p>\n","protected":false},"excerpt":{"rendered":"<div class=\"product-name\">\n<h3>Manta de lana Petromax 150 x200 cm bicolor (verde musgo\/negra)<\/h3>\n<\/div>\n<div class=\"short-description\">\n<div class=\"std\">\n<div class=\"std\">Manta para el exterior de pura lana virgen con asas de cuero para el transporte.<\/div>\n<div>Entrega 1 a 2 semanas tras realizar la reserva.<\/div>\n<\/div>\n<\/div>\n","protected":false},"featured_media":975,"template":"","meta":{"iawp_total_views":27},"product_brand":[],"product_cat":[15],"product_tag":[],"class_list":{"0":"post-172","1":"product","2":"type-product","3":"status-publish","4":"has-post-thumbnail","6":"product_cat-otros","8":"first","9":"onbackorder","10":"taxable","11":"shipping-taxable","12":"purchasable","13":"product-type-simple"},"acf":[],"_links":{"self":[{"href":"https:\/\/www.perihelio.com\/tienda\/wp-json\/wp\/v2\/product\/172","targetHints":{"allow":["GET"]}}],"collection":[{"href":"https:\/\/www.perihelio.com\/tienda\/wp-json\/wp\/v2\/product"}],"about":[{"href":"https:\/\/www.perihelio.com\/tienda\/wp-json\/wp\/v2\/types\/product"}],"wp:featuredmedia":[{"embeddable":true,"href":"https:\/\/www.perihelio.com\/tienda\/wp-json\/wp\/v2\/media\/975"}],"wp:attachment":[{"href":"https:\/\/www.perihelio.com\/tienda\/wp-json\/wp\/v2\/media?parent=172"}],"wp:term":[{"taxonomy":"product_brand","embeddable":true,"href":"https:\/\/www.perihelio.com\/tienda\/wp-json\/wp\/v2\/product_brand?post=172"},{"taxonomy":"product_cat","embeddable":true,"href":"https:\/\/www.perihelio.com\/tienda\/wp-json\/wp\/v2\/product_cat?post=172"},{"taxonomy":"product_tag","embeddable":true,"href":"https:\/\/www.perihelio.com\/tienda\/wp-json\/wp\/v2\/product_tag?post=172"}],"curies":[{"name":"wp","href":"https:\/\/api.w.org\/{rel}","templated":true}]}}