{"id":1541,"date":"2021-11-09T14:25:26","date_gmt":"2021-11-09T14:25:26","guid":{"rendered":"https:\/\/www.perihelio.com\/tienda\/?post_type=product&#038;p=1541"},"modified":"2025-06-06T09:47:39","modified_gmt":"2025-06-06T09:47:39","slug":"edredones","status":"publish","type":"product","link":"https:\/\/www.perihelio.com\/tienda\/producto\/edredones\/","title":{"rendered":"EDREDONES"},"content":{"rendered":"<p><strong><span style=\"color: #dd9933;\">EDRED\u00d3N DE LANA VIRGEN MERINO<\/span> &#8211; calor +++<\/strong><\/p>\n<p>La oveja merina del sur de Francia es considerada la productora de lana con mayor calidad. Su parte de lanolina aumenta la elasticidad de la fibra de lana.El pelo de los animales tiene la propiedad u\u0301nica de acumular hasta un 33% de humedad sin tener un tacto mojado. Tiene un funcionamiento natural de autolimpieza. La parte de lanolina que contiene la lana tiene un efecto bacteriosta\u0301tico. La lana apenas absorbe olores, ni tiene olor propio. Un momento de ventilacio\u0301n es suficiente para aportarle una nueva frescura.<\/p>\n<p>Existe otra variante de lana con virutas de pino medicinal suizo, el Pinus Cembra. El\u00a0relleno de virutas de pino es \u00fanico Las propiedades positivas del pino han sido estudiadas durante mucho tiempo por los cient\u00edficos.<\/p>\n<p><strong>Propiedades:<\/strong> La lana virgen de oveja es adecuada para las personas que prefieren un edred\u00f3n para todo el an\u0303o. Es perfecta tambie\u0301n para las personas que sudan mucha o tienen re\u00fama. \u00a0Incluso con un nivel de humedad de 33% la lana se siente seca al tocarla. La versi\u00f3n con virutas de pino\u00a0te ayudar\u00e1 a sentirte descansado y lleno de energ\u00eda durante todo el d\u00eda.<\/p>\n<p><strong>Composici\u00f3n:<\/strong>\u00a0Relleno de\u00a0lana virgen merina (con la opci\u00f3n con pino: se a\u00f1aden virutas de pino) &#8211; Funda de algod\u00f3n sin tratamientos &#8211; Dibujo: oveja.<\/p>\n<p><strong><span style=\"color: #dd9933;\">EDRED\u00d3N DE PELUSA DE CAMELLO<\/span> &#8211; calor +++ (doble ++++)<\/strong><\/p>\n<p>La pelusa fina que se usa en DORMO NOVO proviene del peinado de los cachorros de camello. Para la fabricacio\u0301n so\u0301lo llega la ma\u0301s suave, ligera y tierna. Existen dos modelos: el <strong>normal o doble.<\/strong> Este \u00faltimo con dos capas tiene m\u00e1s gramaje y aporta un punto m\u00e1s de calor.<\/p>\n<p><strong>Propiedades:<\/strong> La pelusa de camello transporta de manera excelente la humedad hacia fuera, es buen aislante te\u0301rmico y proporciona un ambiente seco en la cama. Recomendada para las personas que sudan mucho durante la noche. Es un edred\u00f3n para todo el a\u00f1o.<\/p>\n<p><strong>Composici\u00f3n:<\/strong> Relleno 100% pelusa de camello &#8211; Funda 100% sat\u00e9n noble de Tencel &#8211; Dibujo: camello<\/p>\n<p><strong><span style=\"color: #dd9933;\">EDRED\u00d3N DE LINO ECOL\u00d3GICO<\/span> &#8211; calor +<\/strong><\/p>\n<p>El lino esta hecho para un suen\u0303o profundo y tranquilo, incluso con temperaturas altas, se puede utilizar durante las noches frescas de verano. El relleno consiste de un 70% de lino kbA (ecolo\u0301gico) y de un 30% de Tencel orga\u0301nico kbA.<\/p>\n<p><strong>Propiedades<\/strong>: El lino, la \u201cseda del norte\u201d puede de manera similar a la lana, absorber un 33% de humedad \u00a0y seguir nota\u0301ndose seco al tocarlo. Adem\u00e1s tiene la propiedad \u00a0de volver a secarse ra\u0301pidamente despu\u00e9s. Lavable a 40\u00ba.<\/p>\n<p><strong>Composici\u00f3n:<\/strong> Relleno 70% lino kbA y 30% Tensel kbA &#8211; Funda 100% sat\u00e9n noble de algod\u00f3n ecol\u00f3gico &#8211; Dibujo: mariposa<\/p>\n<p><strong><span style=\"color: #dd9933;\">EDRED\u00d3N DE BIO TENCEL BIO <\/span>\u00a0&#8211; calor +++<\/strong><\/p>\n<p><strong>Composici\u00f3n:<\/strong> Relleno 100% Tencel &#8211; Funda 100% sat\u00e9n noble de algod\u00f3n ecol\u00f3gico lavable a 40\u00ba.<\/p>\n<p><strong><span style=\"color: #dd9933;\">EDRED\u00d3N PARA PERSONAS AL\u00c9RGICAS<\/span> &#8211; calor +++ y +<\/strong><\/p>\n<p>Presentamos dos edredones vegetales aptos para personas al\u00e9rgicas, uno c\u00e1lido y otro m\u00e1s fino para el verano.<\/p>\n<p><strong>Propiedades<\/strong>: Mismo funci\u00f3n que la lana, pero con fibras vegetales tales como el Tencel o el ma\u00edz, lavables \u00a0a 60\u00ba. \u00a0Tienen una protecci\u00f3n contra bacterias y hongos gracias al acabado Silver Protection. Especialmente pensado para personas al\u00e9rgicas.<\/p>\n<p><strong>Composici\u00f3n: <\/strong>50% Tencel y 50% ma\u00edz tratado con Aloe Vera refinado y Silver Protection.<\/p>\n<p><img loading=\"lazy\" decoding=\"async\" class=\"alignnone size-medium wp-image-1531\" src=\"https:\/\/www.perihelio.com\/tienda\/wp-content\/uploads\/2021\/11\/Logo-Dormonovo-300x300.png\" alt=\"\" width=\"300\" height=\"300\" srcset=\"https:\/\/www.perihelio.com\/tienda\/wp-content\/uploads\/2021\/11\/Logo-Dormonovo-300x300.png 300w, https:\/\/www.perihelio.com\/tienda\/wp-content\/uploads\/2021\/11\/Logo-Dormonovo-150x150.png 150w, https:\/\/www.perihelio.com\/tienda\/wp-content\/uploads\/2021\/11\/Logo-Dormonovo-324x324.png 324w, https:\/\/www.perihelio.com\/tienda\/wp-content\/uploads\/2021\/11\/Logo-Dormonovo-100x100.png 100w, https:\/\/www.perihelio.com\/tienda\/wp-content\/uploads\/2021\/11\/Logo-Dormonovo.png 334w\" sizes=\"auto, (max-width: 300px) 100vw, 300px\" \/><\/p>\n","protected":false},"excerpt":{"rendered":"<p>FABRICAMOS TODAS LAS MEDIDAS de edredones, si no aparece en pantalla, ponerse en contacto con nosotros.<\/p>\n<p>DORMO NOVO emplea \u00fanicamente tejidos que nos ofrece la naturaleza para fabricar sus fundas, edredones y almohadas:<span style=\"color: #dd9933;\"><strong> lana virgen de oveja merina, pelusa de camello o lino bio, sin tratamientos qui\u0301micos.<\/strong> <\/span>Los materiales naturales tienen como efecto la regulaci\u00f3n del ambiente. En los meses fri\u0301os de invierno mantienen el calor \u00a0y en las noches de verano ayudan a regular la humedad. Tenemos tambi\u00e9n un modelo en poli\u00e9ster para las personas al\u00e9rgicas.<\/p>\n<p><strong>Pod\u00e9is consultar m\u00e1s abajo en documentaci\u00f3n la tabla de precios y tama\u00f1os.<\/strong> Estaremos encantados de fabricar taman\u0303os personalizados para usted si no est\u00e1n en la lista.<\/p>\n<p><span style=\"color: #dd9933;\"><strong><em>Fabricaci\u00f3n artesanal a petici\u00f3n del cliente, entrega entre 4 a 5 semanas.<\/em><\/strong><\/span><\/p>\n","protected":false},"featured_media":1566,"template":"","meta":{"iawp_total_views":213},"product_brand":[],"product_cat":[41],"product_tag":[],"class_list":{"0":"post-1541","1":"product","2":"type-product","3":"status-publish","4":"has-post-thumbnail","6":"product_cat-camas-dormo-novo","7":"product_shipping_class-dormonovo","9":"first","10":"instock","11":"taxable","12":"shipping-taxable","13":"purchasable","14":"product-type-variable"},"acf":[],"_links":{"self":[{"href":"https:\/\/www.perihelio.com\/tienda\/wp-json\/wp\/v2\/product\/1541","targetHints":{"allow":["GET"]}}],"collection":[{"href":"https:\/\/www.perihelio.com\/tienda\/wp-json\/wp\/v2\/product"}],"about":[{"href":"https:\/\/www.perihelio.com\/tienda\/wp-json\/wp\/v2\/types\/product"}],"wp:featuredmedia":[{"embeddable":true,"href":"https:\/\/www.perihelio.com\/tienda\/wp-json\/wp\/v2\/media\/1566"}],"wp:attachment":[{"href":"https:\/\/www.perihelio.com\/tienda\/wp-json\/wp\/v2\/media?parent=1541"}],"wp:term":[{"taxonomy":"product_brand","embeddable":true,"href":"https:\/\/www.perihelio.com\/tienda\/wp-json\/wp\/v2\/product_brand?post=1541"},{"taxonomy":"product_cat","embeddable":true,"href":"https:\/\/www.perihelio.com\/tienda\/wp-json\/wp\/v2\/product_cat?post=1541"},{"taxonomy":"product_tag","embeddable":true,"href":"https:\/\/www.perihelio.com\/tienda\/wp-json\/wp\/v2\/product_tag?post=1541"}],"curies":[{"name":"wp","href":"https:\/\/api.w.org\/{rel}","templated":true}]}}