{"id":1508,"date":"2021-11-09T11:26:48","date_gmt":"2021-11-09T11:26:48","guid":{"rendered":"https:\/\/www.perihelio.com\/tienda\/?post_type=product&#038;p=1508"},"modified":"2025-06-06T09:36:39","modified_gmt":"2025-06-06T09:36:39","slug":"kiss-cama","status":"publish","type":"product","link":"https:\/\/www.perihelio.com\/tienda\/producto\/kiss-cama\/","title":{"rendered":"KISS CAMA Dormo Novo pino cembra"},"content":{"rendered":"<p>Altura del borde de la cama 45 cm<br \/>\nAltura de la cama principal 100 cm<br \/>\nSe puede realizar a petici\u00f3n con otra madera europea tal como nogal, haya o cerezo &#8211; consultar precios con nosotros.<\/p>\n<p>Transporte incluido en el precio. La cama viene sin el sistema de descanso \u00a0Basic &amp; Comfort Dormo Novo y sin el colch\u00f3n.<\/p>\n<p><span style=\"color: #dd9933;\"><strong><em>Fabricaci\u00f3n artisanal a petici\u00f3n del cliente, entrega entre 4 a 5 semanas.\u00a0<\/em><\/strong><\/span><\/p>\n<p><img loading=\"lazy\" decoding=\"async\" class=\"alignnone size-medium wp-image-1531\" src=\"https:\/\/www.perihelio.com\/tienda\/wp-content\/uploads\/2021\/11\/Logo-Dormonovo-300x300.png\" alt=\"\" width=\"300\" height=\"300\" srcset=\"https:\/\/www.perihelio.com\/tienda\/wp-content\/uploads\/2021\/11\/Logo-Dormonovo-300x300.png 300w, https:\/\/www.perihelio.com\/tienda\/wp-content\/uploads\/2021\/11\/Logo-Dormonovo-150x150.png 150w, https:\/\/www.perihelio.com\/tienda\/wp-content\/uploads\/2021\/11\/Logo-Dormonovo-324x324.png 324w, https:\/\/www.perihelio.com\/tienda\/wp-content\/uploads\/2021\/11\/Logo-Dormonovo-100x100.png 100w, https:\/\/www.perihelio.com\/tienda\/wp-content\/uploads\/2021\/11\/Logo-Dormonovo.png 334w\" sizes=\"auto, (max-width: 300px) 100vw, 300px\" \/><\/p>\n","protected":false},"excerpt":{"rendered":"<p><strong>Cama Dormo Novo<\/strong> modelo<strong> KISS<\/strong>,<span style=\"color: #000000;\"> con o sin cabecero,\u00a0<\/span>de madera medicinal de pino pi\u00f1onero PInus cembra , tambi\u00e9n llamado pino de los Alpes. <strong><span style=\"color: #dd9933;\">\u00a0S<\/span><span style=\"color: #dd9933;\"><strong>in<\/strong> partes met\u00e1licas<\/span><\/strong><span style=\"color: #000000;\">, uniones madera\/madera, <\/span><strong><span style=\"color: #dd9933;\">sin barnices, ni toxicos.<\/span><\/strong><br \/>\nCon este modelo ya <strong>no es necesario un marco de inserci\u00f3n<\/strong> para el sistema de cama DORMO NOVO.<\/p>\n<p>Simplemente ingeniosa: la cama KISS ahorra espacio, garantiza una ventilaci\u00f3n \u00f3ptima, lugar ideal \u00a0para dormir para minimalistas.<\/p>\n<p>Se puede fabricar en otras maderas europeas certificadas como\u00a0el nogal, el haya, el fresno y el cerezo.\u00a0<strong><span style=\"color: #dd9933;\">Se realiza en cualquier medida<\/span><\/strong>\u00a0y especialmente \u00a0indicadas para nuestro sistema de descanso Normo Dovo\u00a0(sistema no incluido en el precio de cama).<\/p>\n<p>Si no encuentras la medida que buscas en la web o necesitas m\u00e1s informaci\u00f3n, puedes consultar y <strong>descargar la hoja de precios de este modelo y los cat\u00e1logos generales m\u00e1s abajo en \u00abdocumentaci\u00f3n\u00bb<\/strong>, o no dudes en contactar con nosotros para ofrecerte la mejor soluci\u00f3n.<\/p>\n<p>Medida maxima de ancho de fabricaci\u00f3n: 140 cm. Largo: 190\/200\/210.<\/p>\n","protected":false},"featured_media":1510,"template":"","meta":{"iawp_total_views":348},"product_brand":[],"product_cat":[41],"product_tag":[157,158],"class_list":{"0":"post-1508","1":"product","2":"type-product","3":"status-publish","4":"has-post-thumbnail","6":"product_cat-camas-dormo-novo","7":"product_tag-cama","8":"product_tag-madera","9":"product_shipping_class-dormonovo","11":"first","12":"instock","13":"taxable","14":"shipping-taxable","15":"purchasable","16":"product-type-variable"},"acf":[],"_links":{"self":[{"href":"https:\/\/www.perihelio.com\/tienda\/wp-json\/wp\/v2\/product\/1508","targetHints":{"allow":["GET"]}}],"collection":[{"href":"https:\/\/www.perihelio.com\/tienda\/wp-json\/wp\/v2\/product"}],"about":[{"href":"https:\/\/www.perihelio.com\/tienda\/wp-json\/wp\/v2\/types\/product"}],"wp:featuredmedia":[{"embeddable":true,"href":"https:\/\/www.perihelio.com\/tienda\/wp-json\/wp\/v2\/media\/1510"}],"wp:attachment":[{"href":"https:\/\/www.perihelio.com\/tienda\/wp-json\/wp\/v2\/media?parent=1508"}],"wp:term":[{"taxonomy":"product_brand","embeddable":true,"href":"https:\/\/www.perihelio.com\/tienda\/wp-json\/wp\/v2\/product_brand?post=1508"},{"taxonomy":"product_cat","embeddable":true,"href":"https:\/\/www.perihelio.com\/tienda\/wp-json\/wp\/v2\/product_cat?post=1508"},{"taxonomy":"product_tag","embeddable":true,"href":"https:\/\/www.perihelio.com\/tienda\/wp-json\/wp\/v2\/product_tag?post=1508"}],"curies":[{"name":"wp","href":"https:\/\/api.w.org\/{rel}","templated":true}]}}