{"id":1467,"date":"2021-11-07T15:31:59","date_gmt":"2021-11-07T15:31:59","guid":{"rendered":"https:\/\/www.perihelio.com\/tienda\/?post_type=product&#038;p=1467"},"modified":"2025-06-06T09:55:18","modified_gmt":"2025-06-06T09:55:18","slug":"manu-cama-pino-cembra","status":"publish","type":"product","link":"https:\/\/www.perihelio.com\/tienda\/producto\/manu-cama-pino-cembra\/","title":{"rendered":"MANU CAMA Dormo Novo pino cembra"},"content":{"rendered":"<p>Cama de madera maciza de pino suizo sin tratar al natural:<\/p>\n<ul>\n<li>Altura hasta borde de la cama: 37 cm<\/li>\n<li>Altura cabecero: 100 cm<\/li>\n<li>Anchura exterior: +3 cm<\/li>\n<li>Longitud exterior: + 6cm<\/li>\n<li>Apoyo interior: 6 cm<\/li>\n<li><strong>A partir del tama\u00f1o 140 de ancho<\/strong>: apoyo central incluido.<\/li>\n<\/ul>\n<p>Posibilidad de cambio de altura con un suplemento de 73,50\u20ac \u00a0y de 105\u20ac para un cepillado de la superficie del pino<\/p>\n<p>Transporte incluido en el precio. La cama viene <strong>sin el sistema de descanso \u00a0<\/strong>Basic &amp; Comfort Dormo Novo y <strong>sin el colch\u00f3n.<\/strong><\/p>\n<p><span style=\"color: #dd9933;\"><strong><em>Fabricaci\u00f3n artesanal a petici\u00f3n del cliente, entrega entre 4 a 5 semanas.\u00a0<\/em><\/strong><\/span><\/p>\n<p><img loading=\"lazy\" decoding=\"async\" class=\"alignnone size-medium wp-image-1531\" src=\"https:\/\/www.perihelio.com\/tienda\/wp-content\/uploads\/2021\/11\/Logo-Dormonovo-300x300.png\" alt=\"\" width=\"300\" height=\"300\" srcset=\"https:\/\/www.perihelio.com\/tienda\/wp-content\/uploads\/2021\/11\/Logo-Dormonovo-300x300.png 300w, https:\/\/www.perihelio.com\/tienda\/wp-content\/uploads\/2021\/11\/Logo-Dormonovo-150x150.png 150w, https:\/\/www.perihelio.com\/tienda\/wp-content\/uploads\/2021\/11\/Logo-Dormonovo-324x324.png 324w, https:\/\/www.perihelio.com\/tienda\/wp-content\/uploads\/2021\/11\/Logo-Dormonovo-100x100.png 100w, https:\/\/www.perihelio.com\/tienda\/wp-content\/uploads\/2021\/11\/Logo-Dormonovo.png 334w\" sizes=\"auto, (max-width: 300px) 100vw, 300px\" \/><\/p>\n","protected":false},"excerpt":{"rendered":"<p><strong>Cama Dormo Novo<\/strong> modelo <strong>MANU <span style=\"color: #dd9933;\">con o sin cabecero<\/span><\/strong>, de madera medicinal de pino pi\u00f1onero suizo Pinus Cembra (tambi\u00e9n llamado pino de los Alpes) , <strong><span style=\"color: #dd9933;\">sin metal<\/span><\/strong>, uniones madera\/madera, <strong><span style=\"color: #dd9933;\">sin barnices, ni toxicos.<\/span><\/strong><\/p>\n<p><strong>Se realiza en CUALQUIER medida,\u00a0<\/strong>especialmente \u00a0indicadas para nuestro sistema de descanso Normo Dovo <em>(sistema no incluido en el precio de cama).<\/em><\/p>\n<p>Tambi\u00e9n se puede fabricar en otras maderas europeas certificadas como <span style=\"color: #dd9933;\"><strong>el nogal, el haya, el roble y el cerezo <\/strong><span style=\"color: #000000;\">(pedir presupuesto).<\/span> <\/span><\/p>\n<p>Si no encuentras la medida que buscas o necesitas m\u00e1s informaci\u00f3n, puedes consultar y <strong>descargar la hoja de precios o los cat\u00e1logos generales<\/strong> m\u00e1s abajo en \u00abdocumentaci\u00f3n\u00bb o no dudes en contactar con nosotros para ofrecerte la mejor soluci\u00f3n.<\/p>\n","protected":false},"featured_media":144,"template":"","meta":{"iawp_total_views":175},"product_brand":[],"product_cat":[41],"product_tag":[],"class_list":{"0":"post-1467","1":"product","2":"type-product","3":"status-publish","4":"has-post-thumbnail","6":"product_cat-camas-dormo-novo","7":"product_shipping_class-dormonovo","9":"first","10":"instock","11":"taxable","12":"shipping-taxable","13":"purchasable","14":"product-type-variable"},"acf":[],"_links":{"self":[{"href":"https:\/\/www.perihelio.com\/tienda\/wp-json\/wp\/v2\/product\/1467","targetHints":{"allow":["GET"]}}],"collection":[{"href":"https:\/\/www.perihelio.com\/tienda\/wp-json\/wp\/v2\/product"}],"about":[{"href":"https:\/\/www.perihelio.com\/tienda\/wp-json\/wp\/v2\/types\/product"}],"wp:featuredmedia":[{"embeddable":true,"href":"https:\/\/www.perihelio.com\/tienda\/wp-json\/wp\/v2\/media\/144"}],"wp:attachment":[{"href":"https:\/\/www.perihelio.com\/tienda\/wp-json\/wp\/v2\/media?parent=1467"}],"wp:term":[{"taxonomy":"product_brand","embeddable":true,"href":"https:\/\/www.perihelio.com\/tienda\/wp-json\/wp\/v2\/product_brand?post=1467"},{"taxonomy":"product_cat","embeddable":true,"href":"https:\/\/www.perihelio.com\/tienda\/wp-json\/wp\/v2\/product_cat?post=1467"},{"taxonomy":"product_tag","embeddable":true,"href":"https:\/\/www.perihelio.com\/tienda\/wp-json\/wp\/v2\/product_tag?post=1467"}],"curies":[{"name":"wp","href":"https:\/\/api.w.org\/{rel}","templated":true}]}}