{"id":1661,"date":"2018-03-09T17:37:57","date_gmt":"2018-03-09T17:37:57","guid":{"rendered":"http:\/\/www.perihelio.com\/?page_id=1661"},"modified":"2020-07-01T17:32:55","modified_gmt":"2020-07-01T17:32:55","slug":"edredones-naturales-dormo-novo","status":"publish","type":"page","link":"https:\/\/www.perihelio.com\/index.php\/edredones-naturales-dormo-novo\/","title":{"rendered":"Edredones y fundas"},"content":{"rendered":"<p>[et_pb_section admin_label=\u00bbsection\u00bb][et_pb_row admin_label=\u00bbrow\u00bb][et_pb_column type=\u00bb2_3&#8243;][et_pb_text admin_label=\u00bbTexto\u00bb background_layout=\u00bblight\u00bb text_orientation=\u00bbleft\u00bb use_border_color=\u00bboff\u00bb border_color=\u00bb#ffffff\u00bb border_style=\u00bbsolid\u00bb]<\/p>\n<h4><span style=\"color: #ff9900;\"><strong>Para un ambiente agradable en la cama<\/strong><\/span><\/h4>\n<p>Disfruta de las noches con los livianos tejidos que nos ofrece la naturaleza. Edredones y fundas en los que s\u00f3lo se utilizan materiales naturales, como la lana virgen de oveja merina, pelusa de camello o lino. Los tejidos se producen sin tratamientos qu\u00edmicos para mantener \u00edntegras sus propiedades naturales. \u00c9stos tienen la capacidad de regular el ambiente de la cama: en los meses fr\u00edos de invierno mantienen el calor acogedor y en noches tibias de verano favorecen la ventilaci\u00f3n.<\/p>\n<p>La pelusa de camello tiene un motivo interesante, ya que el pelo de los animales tiene la propiedad \u00fanica de acumular humedad sin tener un tacto mojado. Incluso tiene un funcionamiento natural de autolimpieza.<\/p>\n<p>En el caso de la lana, la parte de lanolina que contiene, tiene un efecto antibacterial y aumenta la elasticidad. La lana apenas absorbe olores ni tiene olor propio. Un momento de ventilaci\u00f3n es suficiente para aportar nueva frescura.<\/p>\n<p>[\/et_pb_text][\/et_pb_column][et_pb_column type=\u00bb1_3&#8243;][et_pb_image admin_label=\u00bbImagen\u00bb src=\u00bbhttp:\/\/www.perihelio.com\/wp-content\/uploads\/2018\/03\/detalle-funda.png\u00bb show_in_lightbox=\u00bboff\u00bb url_new_window=\u00bboff\u00bb use_overlay=\u00bboff\u00bb animation=\u00bboff\u00bb sticky=\u00bboff\u00bb align=\u00bbleft\u00bb force_fullwidth=\u00bboff\u00bb always_center_on_mobile=\u00bbon\u00bb use_border_color=\u00bboff\u00bb border_color=\u00bb#ffffff\u00bb border_style=\u00bbsolid\u00bb]<\/p>\n<p>&nbsp;<\/p>\n<p>[\/et_pb_image][\/et_pb_column][\/et_pb_row][et_pb_row admin_label=\u00bbrow\u00bb][et_pb_column type=\u00bb1_2&#8243;][et_pb_image admin_label=\u00bbImagen\u00bb src=\u00bbhttp:\/\/www.perihelio.com\/wp-content\/uploads\/2018\/03\/funda-de-TENCEL.png\u00bb show_in_lightbox=\u00bboff\u00bb url_new_window=\u00bboff\u00bb use_overlay=\u00bboff\u00bb animation=\u00bboff\u00bb sticky=\u00bboff\u00bb align=\u00bbleft\u00bb force_fullwidth=\u00bboff\u00bb always_center_on_mobile=\u00bbon\u00bb use_border_color=\u00bboff\u00bb border_color=\u00bb#ffffff\u00bb border_style=\u00bbsolid\u00bb]<\/p>\n<p>&nbsp;<\/p>\n<p>[\/et_pb_image][et_pb_image admin_label=\u00bbImagen\u00bb src=\u00bbhttp:\/\/www.perihelio.com\/wp-content\/uploads\/2018\/03\/sistema-DN-curvado-con-funda.png\u00bb show_in_lightbox=\u00bboff\u00bb url_new_window=\u00bboff\u00bb use_overlay=\u00bboff\u00bb animation=\u00bboff\u00bb sticky=\u00bboff\u00bb align=\u00bbleft\u00bb force_fullwidth=\u00bboff\u00bb always_center_on_mobile=\u00bbon\u00bb use_border_color=\u00bboff\u00bb border_color=\u00bb#ffffff\u00bb border_style=\u00bbsolid\u00bb]<\/p>\n<p>&nbsp;<\/p>\n<p>[\/et_pb_image][\/et_pb_column][et_pb_column type=\u00bb1_2&#8243;][et_pb_text admin_label=\u00bbTexto\u00bb background_layout=\u00bblight\u00bb text_orientation=\u00bbleft\u00bb use_border_color=\u00bboff\u00bb border_color=\u00bb#ffffff\u00bb border_style=\u00bbsolid\u00bb]<\/p>\n<h4><span style=\"color: #ff9900;\"><strong>Funda de TENCEL<\/strong><\/span><\/h4>\n<p>Quien quiera dormir todas las noches en una cama perfectamente dise\u00f1ada, deber\u00eda elegir la funda de TENCEL.<\/p>\n<p>La funda se ajusta a las medidas del Elemento <a href=\"https:\/\/www.perihelio.com\/index.php\/dormo-novo\/\">BASIC &amp; COMFORT<\/a> y el colch\u00f3n de l\u00e1tex natural correspondiente. La parte superior de la funda se puede quitar, gracias a una cremallera en los cuatro lados, y se puede meter en la lavadora. La parte inferior de la funda es una rejilla que permite la ventilaci\u00f3n \u00f3ptima y proporciona un ambiente seco en la cama.<\/p>\n<p>Puede ser integrada en cualquier cama Dormo Novo u otro sistema de la misma altura (21,5 y 24 cm)<\/p>\n<p>Tambi\u00e9n existe un modelo de <strong>TENCEL para el verano<\/strong>. Apto para personas al\u00e9rgicas, 100% relleno de Tencel, tejido fino de algod\u00f3n con ajuste inferior. Lavable a 60 \u00ba.<\/p>\n<p>&nbsp;<\/p>\n<p><span style=\"color: #808080;\"><strong>\u00bfQu\u00e9 es el\u00a0TENCEL?<\/strong><\/span><\/p>\n<p><span style=\"color: #808080;\">Es una fibra de celulosa de madera joven que proviene el 100% de silvicultura sostenible.<\/span><br \/>\n<span style=\"color: #808080;\">Absorbe la humedad de manera regular y se desprende de ella r\u00e1pidamente. Esta propiedad transpirable proporciona un clima saludable en la cama.<\/span><br \/>\n<span style=\"color: #808080;\">Tiene, gracias a la superficie de la fibra, una gran capacidad de ahuecarse y es muy higi\u00e9nica.<\/span><br \/>\n<span style=\"color: #808080;\">Es agradable en la piel y ayuda a las partes sensibles a aliviar irritaciones. Dermatol\u00f3gicamente probado.<\/span><\/p>\n<p>[\/et_pb_text][\/et_pb_column][\/et_pb_row][et_pb_row admin_label=\u00bbrow\u00bb][et_pb_column type=\u00bb3_4&#8243;][et_pb_image admin_label=\u00bbImagen\u00bb src=\u00bbhttp:\/\/www.perihelio.com\/wp-content\/uploads\/2018\/03\/funda-lana.png\u00bb show_in_lightbox=\u00bboff\u00bb url_new_window=\u00bboff\u00bb use_overlay=\u00bboff\u00bb animation=\u00bboff\u00bb sticky=\u00bboff\u00bb align=\u00bbleft\u00bb force_fullwidth=\u00bboff\u00bb always_center_on_mobile=\u00bbon\u00bb use_border_color=\u00bboff\u00bb border_color=\u00bb#ffffff\u00bb border_style=\u00bbsolid\u00bb]<\/p>\n<p>&nbsp;<\/p>\n<p>[\/et_pb_image][\/et_pb_column][et_pb_column type=\u00bb1_4&#8243;][et_pb_text admin_label=\u00bbTexto\u00bb background_layout=\u00bblight\u00bb text_orientation=\u00bbleft\u00bb use_border_color=\u00bboff\u00bb border_color=\u00bb#ffffff\u00bb border_style=\u00bbsolid\u00bb]<\/p>\n<h4><span style=\"color: #ff9900;\"><strong>Funda de\u00a0lana<\/strong><\/span><\/h4>\n<p>100 % relleno de lana virgen de oveja merina, tejido fino de algod\u00f3n con ajuste inferior. No lavable.<\/p>\n<p>&nbsp;<\/p>\n<p>[\/et_pb_text][\/et_pb_column][\/et_pb_row][et_pb_row admin_label=\u00bbrow\u00bb][et_pb_column type=\u00bb4_4&#8243;][et_pb_divider admin_label=\u00bbSeparador\u00bb color=\u00bb#d1d1d1&#8243; show_divider=\u00bbon\u00bb height=\u00bb20&#8243; divider_style=\u00bbsolid\u00bb divider_position=\u00bbtop\u00bb hide_on_mobile=\u00bbon\u00bb]<\/p>\n<p>&nbsp;<\/p>\n<p>[\/et_pb_divider][et_pb_text admin_label=\u00bbTexto\u00bb background_layout=\u00bblight\u00bb text_orientation=\u00bbleft\u00bb use_border_color=\u00bboff\u00bb border_color=\u00bb#ffffff\u00bb border_style=\u00bbsolid\u00bb]<\/p>\n<h4><span style=\"color: #ff9900;\"><strong>Edredones<\/strong><\/span><\/h4>\n<p>[\/et_pb_text][\/et_pb_column][\/et_pb_row][et_pb_row admin_label=\u00bbrow\u00bb][et_pb_column type=\u00bb2_3&#8243;][et_pb_text admin_label=\u00bbTexto\u00bb background_layout=\u00bblight\u00bb text_orientation=\u00bbleft\u00bb use_border_color=\u00bboff\u00bb border_color=\u00bb#ffffff\u00bb border_style=\u00bbsolid\u00bb]<\/p>\n<p><span style=\"color: #808080;\"><strong>Lana virgen de oveja merina<\/strong><\/span><\/p>\n<p>La oveja merina del sur de francia se considera la productora de la lana con mayor calidad. Su parte de lanolina aumenta la elasticidad de la fibra de lana.<br \/>\n<strong>Propiedades<\/strong>: La lana virgen de oveja es adecuada para las personas que prefieren un edred\u00f3n para todo el a\u00f1o. Tambi\u00e9n para personas con mucha sudoraci\u00f3n o reum\u00e1ticas es perfecta. Incluso con un nivel de humedad de 33% la lana se siente seca al tocarla.<\/p>\n<p>&nbsp;<\/p>\n<p>[\/et_pb_text][\/et_pb_column][et_pb_column type=\u00bb1_3&#8243;][et_pb_image admin_label=\u00bbImagen\u00bb src=\u00bbhttp:\/\/www.perihelio.com\/wp-content\/uploads\/2018\/03\/DETALLE-edredon-lana.png\u00bb show_in_lightbox=\u00bboff\u00bb url_new_window=\u00bboff\u00bb use_overlay=\u00bboff\u00bb animation=\u00bboff\u00bb sticky=\u00bboff\u00bb align=\u00bbleft\u00bb force_fullwidth=\u00bboff\u00bb always_center_on_mobile=\u00bbon\u00bb use_border_color=\u00bboff\u00bb border_color=\u00bb#ffffff\u00bb border_style=\u00bbsolid\u00bb]<\/p>\n<p>&nbsp;<\/p>\n<p>[\/et_pb_image][\/et_pb_column][\/et_pb_row][et_pb_row admin_label=\u00bbrow\u00bb][et_pb_column type=\u00bb2_3&#8243;][et_pb_text admin_label=\u00bbTexto\u00bb background_layout=\u00bblight\u00bb text_orientation=\u00bbleft\u00bb use_border_color=\u00bboff\u00bb border_color=\u00bb#ffffff\u00bb border_style=\u00bbsolid\u00bb]<\/p>\n<p><span style=\"color: #808080;\"><strong>Pelusa de camello<\/strong><\/span><\/p>\n<p>La pelusa fina y peinada que se usa en Dormo Novo proviene de los cachorros de camello. Para la fabricaci\u00f3n s\u00f3lo llega la m\u00e1s suave, ligera y tierna.<br \/>\n<strong>Propiedade<\/strong>s: La pelusa de camello transporta de manera excelente la humedad hacia fuera, es buen aislante t\u00e9rmico y proporciona un ambiente seco en la cama.<\/p>\n<p>&nbsp;<\/p>\n<p>[\/et_pb_text][\/et_pb_column][et_pb_column type=\u00bb1_3&#8243;][et_pb_image admin_label=\u00bbImagen\u00bb src=\u00bbhttp:\/\/www.perihelio.com\/wp-content\/uploads\/2018\/03\/DETALLEedredon-pelusa-de-camello.png\u00bb show_in_lightbox=\u00bboff\u00bb url_new_window=\u00bboff\u00bb use_overlay=\u00bboff\u00bb animation=\u00bboff\u00bb sticky=\u00bboff\u00bb align=\u00bbleft\u00bb force_fullwidth=\u00bboff\u00bb always_center_on_mobile=\u00bbon\u00bb use_border_color=\u00bboff\u00bb border_color=\u00bb#ffffff\u00bb border_style=\u00bbsolid\u00bb]<\/p>\n<p>&nbsp;<\/p>\n<p>[\/et_pb_image][\/et_pb_column][\/et_pb_row][et_pb_row admin_label=\u00bbrow\u00bb][et_pb_column type=\u00bb2_3&#8243;][et_pb_text admin_label=\u00bbTexto\u00bb background_layout=\u00bblight\u00bb text_orientation=\u00bbleft\u00bb use_border_color=\u00bboff\u00bb border_color=\u00bb#ffffff\u00bb border_style=\u00bbsolid\u00bb]<\/p>\n<p><span style=\"color: #808080;\"><strong>Lino ecol\u00f3gico<\/strong><\/span><br \/>\nEs como si el lino estuviese hecho para un sue\u00f1o profundo y tranquilo, tambi\u00e9n con temperaturas altas. El relleno consiste de un 70% de lino kbA y de un 30% de algod\u00f3n ecol\u00f3gico kbA.<br \/>\n<strong>Propiedades:<\/strong> El lino, la \u201cseda del norte\u201d puede, similar a la lana, absorber un 33% de humedad y seguir not\u00e1ndose seco al tocarlo, pero tambi\u00e9n vuelve a desprenderse de la humedad r\u00e1pidamente.<\/p>\n<p>&nbsp;<\/p>\n<p>[\/et_pb_text][\/et_pb_column][et_pb_column type=\u00bb1_3&#8243;][et_pb_image admin_label=\u00bbImagen\u00bb src=\u00bbhttp:\/\/www.perihelio.com\/wp-content\/uploads\/2018\/03\/DETALLE-edredon-lino.png\u00bb show_in_lightbox=\u00bboff\u00bb url_new_window=\u00bboff\u00bb use_overlay=\u00bboff\u00bb animation=\u00bboff\u00bb sticky=\u00bboff\u00bb align=\u00bbleft\u00bb force_fullwidth=\u00bboff\u00bb always_center_on_mobile=\u00bbon\u00bb use_border_color=\u00bboff\u00bb border_color=\u00bb#ffffff\u00bb border_style=\u00bbsolid\u00bb]<\/p>\n<p>&nbsp;<\/p>\n<p>[\/et_pb_image][\/et_pb_column][\/et_pb_row][\/et_pb_section][et_pb_section admin_label=\u00bbsection\u00bb][et_pb_row admin_label=\u00bbrow\u00bb][\/et_pb_row][\/et_pb_section]<\/p>\n","protected":false},"excerpt":{"rendered":"<p>[et_pb_section admin_label=\u00bbsection\u00bb][et_pb_row admin_label=\u00bbrow\u00bb][et_pb_column type=\u00bb2_3&#8243;][et_pb_text admin_label=\u00bbTexto\u00bb background_layout=\u00bblight\u00bb text_orientation=\u00bbleft\u00bb use_border_color=\u00bboff\u00bb border_color=\u00bb#ffffff\u00bb border_style=\u00bbsolid\u00bb] Para un ambiente agradable en la cama Disfruta de las noches con los livianos tejidos que nos ofrece la naturaleza. Edredones y fundas en los que s\u00f3lo se utilizan materiales naturales, como la lana virgen de oveja merina, pelusa de camello o lino. Los tejidos [&hellip;]<\/p>\n","protected":false},"author":2,"featured_media":1676,"parent":0,"menu_order":0,"comment_status":"closed","ping_status":"closed","template":"","meta":{"_et_pb_use_builder":"on","_et_pb_old_content":"","_et_gb_content_width":"","_joinchat":[],"footnotes":""},"class_list":["post-1661","page","type-page","status-publish","has-post-thumbnail","hentry"],"yoast_head":"<!-- This site is optimized with the Yoast SEO plugin v26.8 - https:\/\/yoast.com\/product\/yoast-seo-wordpress\/ -->\n<title>Edredones y fundas naturales - Perihelio - La Ruta Natural<\/title>\n<meta name=\"description\" content=\"Edredones y fundas de materiales naturales como la lana virgen, el lino o la pelusa de camello. Los materiales naturales regulan la humedad y temperatura.\" \/>\n<meta name=\"robots\" content=\"index, follow, max-snippet:-1, max-image-preview:large, max-video-preview:-1\" \/>\n<link rel=\"canonical\" href=\"https:\/\/www.perihelio.com\/index.php\/edredones-naturales-dormo-novo\/\" \/>\n<meta property=\"og:locale\" content=\"es_ES\" \/>\n<meta property=\"og:type\" content=\"article\" \/>\n<meta property=\"og:title\" content=\"Edredones y fundas naturales - Perihelio - La Ruta Natural\" \/>\n<meta property=\"og:description\" content=\"Edredones y fundas de materiales naturales como la lana virgen, el lino o la pelusa de camello. Los materiales naturales regulan la humedad y temperatura.\" \/>\n<meta property=\"og:url\" content=\"https:\/\/www.perihelio.com\/index.php\/edredones-naturales-dormo-novo\/\" \/>\n<meta property=\"og:site_name\" content=\"Perihelio - La Ruta Natural\" \/>\n<meta property=\"article:publisher\" content=\"https:\/\/www.facebook.com\/La-ruta-natural-de-Chinch%c3%b3n-847250628644535\/\" \/>\n<meta property=\"article:modified_time\" content=\"2020-07-01T17:32:55+00:00\" \/>\n<meta property=\"og:image\" content=\"https:\/\/www.perihelio.com\/wp-content\/uploads\/2018\/03\/DETALLE-edredon-lana.png\" \/>\n\t<meta property=\"og:image:width\" content=\"977\" \/>\n\t<meta property=\"og:image:height\" content=\"651\" \/>\n\t<meta property=\"og:image:type\" content=\"image\/png\" \/>\n<meta name=\"twitter:card\" content=\"summary_large_image\" \/>\n<meta name=\"twitter:site\" content=\"@perihelio_com\" \/>\n<meta name=\"twitter:label1\" content=\"Tiempo de lectura\" \/>\n\t<meta name=\"twitter:data1\" content=\"7 minutos\" \/>\n<script type=\"application\/ld+json\" class=\"yoast-schema-graph\">{\"@context\":\"https:\/\/schema.org\",\"@graph\":[{\"@type\":\"WebPage\",\"@id\":\"https:\/\/www.perihelio.com\/index.php\/edredones-naturales-dormo-novo\/\",\"url\":\"https:\/\/www.perihelio.com\/index.php\/edredones-naturales-dormo-novo\/\",\"name\":\"Edredones y fundas naturales - Perihelio - La Ruta Natural\",\"isPartOf\":{\"@id\":\"https:\/\/www.perihelio.com\/#website\"},\"primaryImageOfPage\":{\"@id\":\"https:\/\/www.perihelio.com\/index.php\/edredones-naturales-dormo-novo\/#primaryimage\"},\"image\":{\"@id\":\"https:\/\/www.perihelio.com\/index.php\/edredones-naturales-dormo-novo\/#primaryimage\"},\"thumbnailUrl\":\"https:\/\/www.perihelio.com\/wp-content\/uploads\/2018\/03\/DETALLE-edredon-lana.png\",\"datePublished\":\"2018-03-09T17:37:57+00:00\",\"dateModified\":\"2020-07-01T17:32:55+00:00\",\"description\":\"Edredones y fundas de materiales naturales como la lana virgen, el lino o la pelusa de camello. Los materiales naturales regulan la humedad y temperatura.\",\"breadcrumb\":{\"@id\":\"https:\/\/www.perihelio.com\/index.php\/edredones-naturales-dormo-novo\/#breadcrumb\"},\"inLanguage\":\"es\",\"potentialAction\":[{\"@type\":\"ReadAction\",\"target\":[\"https:\/\/www.perihelio.com\/index.php\/edredones-naturales-dormo-novo\/\"]}]},{\"@type\":\"ImageObject\",\"inLanguage\":\"es\",\"@id\":\"https:\/\/www.perihelio.com\/index.php\/edredones-naturales-dormo-novo\/#primaryimage\",\"url\":\"https:\/\/www.perihelio.com\/wp-content\/uploads\/2018\/03\/DETALLE-edredon-lana.png\",\"contentUrl\":\"https:\/\/www.perihelio.com\/wp-content\/uploads\/2018\/03\/DETALLE-edredon-lana.png\",\"width\":977,\"height\":651},{\"@type\":\"BreadcrumbList\",\"@id\":\"https:\/\/www.perihelio.com\/index.php\/edredones-naturales-dormo-novo\/#breadcrumb\",\"itemListElement\":[{\"@type\":\"ListItem\",\"position\":1,\"name\":\"Portada\",\"item\":\"https:\/\/www.perihelio.com\/\"},{\"@type\":\"ListItem\",\"position\":2,\"name\":\"Edredones y fundas\"}]},{\"@type\":\"WebSite\",\"@id\":\"https:\/\/www.perihelio.com\/#website\",\"url\":\"https:\/\/www.perihelio.com\/\",\"name\":\"Perihelio - La Ruta Natural\",\"description\":\"Hogar sano: rehabilitaci\u00f3n energ\u00e9tica, ergonom\u00eda en sillas oficina y camas naturales, bioconstrucci\u00f3n\",\"publisher\":{\"@id\":\"https:\/\/www.perihelio.com\/#organization\"},\"alternateName\":\"Ruta Natural de Chinch\u00f3n\",\"potentialAction\":[{\"@type\":\"SearchAction\",\"target\":{\"@type\":\"EntryPoint\",\"urlTemplate\":\"https:\/\/www.perihelio.com\/?s={search_term_string}\"},\"query-input\":{\"@type\":\"PropertyValueSpecification\",\"valueRequired\":true,\"valueName\":\"search_term_string\"}}],\"inLanguage\":\"es\"},{\"@type\":\"Organization\",\"@id\":\"https:\/\/www.perihelio.com\/#organization\",\"name\":\"Perihelio\",\"alternateName\":\"La Ruta Natural\",\"url\":\"https:\/\/www.perihelio.com\/\",\"logo\":{\"@type\":\"ImageObject\",\"inLanguage\":\"es\",\"@id\":\"https:\/\/www.perihelio.com\/#\/schema\/logo\/image\/\",\"url\":\"https:\/\/www.perihelio.com\/wp-content\/uploads\/2017\/08\/perihelio_com-scaled.jpg\",\"contentUrl\":\"https:\/\/www.perihelio.com\/wp-content\/uploads\/2017\/08\/perihelio_com-scaled.jpg\",\"width\":2560,\"height\":624,\"caption\":\"Perihelio\"},\"image\":{\"@id\":\"https:\/\/www.perihelio.com\/#\/schema\/logo\/image\/\"},\"sameAs\":[\"https:\/\/www.facebook.com\/La-ruta-natural-de-Chinch\u00f3n-847250628644535\/\",\"https:\/\/x.com\/perihelio_com\",\"https:\/\/www.instagram.com\/larutanaturaldechinchon\/?hl=es\",\"https:\/\/www.linkedin.com\/company\/11035942\",\"https:\/\/www.youtube.com\/channel\/UC4_wAeDXx-_AHif9alVX9vA?view_as=subscriber\",\"http:\/\/www.youtube.com\/@larutanaturaldechinchon2084\",\"https:\/\/youtube.com\/@larutanaturaldechinchon2084?si=AHdElw-J_22vIDBK\"]}]}<\/script>\n<!-- \/ Yoast SEO plugin. -->","yoast_head_json":{"title":"Edredones y fundas naturales - Perihelio - La Ruta Natural","description":"Edredones y fundas de materiales naturales como la lana virgen, el lino o la pelusa de camello. Los materiales naturales regulan la humedad y temperatura.","robots":{"index":"index","follow":"follow","max-snippet":"max-snippet:-1","max-image-preview":"max-image-preview:large","max-video-preview":"max-video-preview:-1"},"canonical":"https:\/\/www.perihelio.com\/index.php\/edredones-naturales-dormo-novo\/","og_locale":"es_ES","og_type":"article","og_title":"Edredones y fundas naturales - Perihelio - La Ruta Natural","og_description":"Edredones y fundas de materiales naturales como la lana virgen, el lino o la pelusa de camello. Los materiales naturales regulan la humedad y temperatura.","og_url":"https:\/\/www.perihelio.com\/index.php\/edredones-naturales-dormo-novo\/","og_site_name":"Perihelio - La Ruta Natural","article_publisher":"https:\/\/www.facebook.com\/La-ruta-natural-de-Chinch%c3%b3n-847250628644535\/","article_modified_time":"2020-07-01T17:32:55+00:00","og_image":[{"width":977,"height":651,"url":"https:\/\/www.perihelio.com\/wp-content\/uploads\/2018\/03\/DETALLE-edredon-lana.png","type":"image\/png"}],"twitter_card":"summary_large_image","twitter_site":"@perihelio_com","twitter_misc":{"Tiempo de lectura":"7 minutos"},"schema":{"@context":"https:\/\/schema.org","@graph":[{"@type":"WebPage","@id":"https:\/\/www.perihelio.com\/index.php\/edredones-naturales-dormo-novo\/","url":"https:\/\/www.perihelio.com\/index.php\/edredones-naturales-dormo-novo\/","name":"Edredones y fundas naturales - Perihelio - La Ruta Natural","isPartOf":{"@id":"https:\/\/www.perihelio.com\/#website"},"primaryImageOfPage":{"@id":"https:\/\/www.perihelio.com\/index.php\/edredones-naturales-dormo-novo\/#primaryimage"},"image":{"@id":"https:\/\/www.perihelio.com\/index.php\/edredones-naturales-dormo-novo\/#primaryimage"},"thumbnailUrl":"https:\/\/www.perihelio.com\/wp-content\/uploads\/2018\/03\/DETALLE-edredon-lana.png","datePublished":"2018-03-09T17:37:57+00:00","dateModified":"2020-07-01T17:32:55+00:00","description":"Edredones y fundas de materiales naturales como la lana virgen, el lino o la pelusa de camello. Los materiales naturales regulan la humedad y temperatura.","breadcrumb":{"@id":"https:\/\/www.perihelio.com\/index.php\/edredones-naturales-dormo-novo\/#breadcrumb"},"inLanguage":"es","potentialAction":[{"@type":"ReadAction","target":["https:\/\/www.perihelio.com\/index.php\/edredones-naturales-dormo-novo\/"]}]},{"@type":"ImageObject","inLanguage":"es","@id":"https:\/\/www.perihelio.com\/index.php\/edredones-naturales-dormo-novo\/#primaryimage","url":"https:\/\/www.perihelio.com\/wp-content\/uploads\/2018\/03\/DETALLE-edredon-lana.png","contentUrl":"https:\/\/www.perihelio.com\/wp-content\/uploads\/2018\/03\/DETALLE-edredon-lana.png","width":977,"height":651},{"@type":"BreadcrumbList","@id":"https:\/\/www.perihelio.com\/index.php\/edredones-naturales-dormo-novo\/#breadcrumb","itemListElement":[{"@type":"ListItem","position":1,"name":"Portada","item":"https:\/\/www.perihelio.com\/"},{"@type":"ListItem","position":2,"name":"Edredones y fundas"}]},{"@type":"WebSite","@id":"https:\/\/www.perihelio.com\/#website","url":"https:\/\/www.perihelio.com\/","name":"Perihelio - La Ruta Natural","description":"Hogar sano: rehabilitaci\u00f3n energ\u00e9tica, ergonom\u00eda en sillas oficina y camas naturales, bioconstrucci\u00f3n","publisher":{"@id":"https:\/\/www.perihelio.com\/#organization"},"alternateName":"Ruta Natural de Chinch\u00f3n","potentialAction":[{"@type":"SearchAction","target":{"@type":"EntryPoint","urlTemplate":"https:\/\/www.perihelio.com\/?s={search_term_string}"},"query-input":{"@type":"PropertyValueSpecification","valueRequired":true,"valueName":"search_term_string"}}],"inLanguage":"es"},{"@type":"Organization","@id":"https:\/\/www.perihelio.com\/#organization","name":"Perihelio","alternateName":"La Ruta Natural","url":"https:\/\/www.perihelio.com\/","logo":{"@type":"ImageObject","inLanguage":"es","@id":"https:\/\/www.perihelio.com\/#\/schema\/logo\/image\/","url":"https:\/\/www.perihelio.com\/wp-content\/uploads\/2017\/08\/perihelio_com-scaled.jpg","contentUrl":"https:\/\/www.perihelio.com\/wp-content\/uploads\/2017\/08\/perihelio_com-scaled.jpg","width":2560,"height":624,"caption":"Perihelio"},"image":{"@id":"https:\/\/www.perihelio.com\/#\/schema\/logo\/image\/"},"sameAs":["https:\/\/www.facebook.com\/La-ruta-natural-de-Chinch\u00f3n-847250628644535\/","https:\/\/x.com\/perihelio_com","https:\/\/www.instagram.com\/larutanaturaldechinchon\/?hl=es","https:\/\/www.linkedin.com\/company\/11035942","https:\/\/www.youtube.com\/channel\/UC4_wAeDXx-_AHif9alVX9vA?view_as=subscriber","http:\/\/www.youtube.com\/@larutanaturaldechinchon2084","https:\/\/youtube.com\/@larutanaturaldechinchon2084?si=AHdElw-J_22vIDBK"]}]}},"jetpack_sharing_enabled":true,"_links":{"self":[{"href":"https:\/\/www.perihelio.com\/index.php\/wp-json\/wp\/v2\/pages\/1661","targetHints":{"allow":["GET"]}}],"collection":[{"href":"https:\/\/www.perihelio.com\/index.php\/wp-json\/wp\/v2\/pages"}],"about":[{"href":"https:\/\/www.perihelio.com\/index.php\/wp-json\/wp\/v2\/types\/page"}],"author":[{"embeddable":true,"href":"https:\/\/www.perihelio.com\/index.php\/wp-json\/wp\/v2\/users\/2"}],"replies":[{"embeddable":true,"href":"https:\/\/www.perihelio.com\/index.php\/wp-json\/wp\/v2\/comments?post=1661"}],"version-history":[{"count":20,"href":"https:\/\/www.perihelio.com\/index.php\/wp-json\/wp\/v2\/pages\/1661\/revisions"}],"predecessor-version":[{"id":3242,"href":"https:\/\/www.perihelio.com\/index.php\/wp-json\/wp\/v2\/pages\/1661\/revisions\/3242"}],"wp:featuredmedia":[{"embeddable":true,"href":"https:\/\/www.perihelio.com\/index.php\/wp-json\/wp\/v2\/media\/1676"}],"wp:attachment":[{"href":"https:\/\/www.perihelio.com\/index.php\/wp-json\/wp\/v2\/media?parent=1661"}],"curies":[{"name":"wp","href":"https:\/\/api.w.org\/{rel}","templated":true}]}}